{"id":3105,"date":"2022-02-25T20:39:16","date_gmt":"2022-02-25T20:39:16","guid":{"rendered":"https:\/\/biopesaje.com\/?post_type=product&#038;p=3105"},"modified":"2025-05-20T16:41:32","modified_gmt":"2025-05-20T16:41:32","slug":"paquete-de-bolsas-de-empaque-al-vacio-32-x-42-x-250-unidades","status":"publish","type":"product","link":"https:\/\/biopesaje.com\/index.php\/product\/paquete-de-bolsas-de-empaque-al-vacio-32-x-42-x-250-unidades\/","title":{"rendered":"Paquete de Bolsas de empaque al vac\u00edo 32 x 42 x 250 unidades."},"content":{"rendered":"\t\t<div data-elementor-type=\"wp-post\" data-elementor-id=\"3105\" class=\"elementor elementor-3105\" data-elementor-post-type=\"product\">\n\t\t\t\t\t\t<section class=\"elementor-section elementor-top-section elementor-element elementor-element-6e91d0b3 elementor-section-boxed elementor-section-height-default elementor-section-height-default\" data-id=\"6e91d0b3\" data-element_type=\"section\" data-e-type=\"section\">\n\t\t\t\t\t\t<div class=\"elementor-container elementor-column-gap-default\">\n\t\t\t\t\t<div class=\"elementor-column elementor-col-100 elementor-top-column elementor-element elementor-element-50be4fb2\" data-id=\"50be4fb2\" data-element_type=\"column\" data-e-type=\"column\">\n\t\t\t<div class=\"elementor-widget-wrap elementor-element-populated\">\n\t\t\t\t\t\t<div class=\"elementor-element elementor-element-613266e3 elementor-widget elementor-widget-text-editor\" data-id=\"613266e3\" data-element_type=\"widget\" data-e-type=\"widget\" data-widget_type=\"text-editor.default\">\n\t\t\t\t<div class=\"elementor-widget-container\">\n\t\t\t\t\t\t\t\t\t<h2 class=\"elementor-heading-title elementor-size-default\" style=\"text-align: center;\">\u00a0\u00a0Descripci\u00f3n de Bolsas de empaque al vac\u00edo- Biopesaje<\/h2><p>Vis\u00edtanos en: Instagram: @biopesaje \/ Facebook: Biopesaje S.A.S\u00a0 \u00a0 \u00a0 \u00a0 \u00a0 \u00a0 \u00a0 \u00a0 \u00a0 \u00a0 \u00a0 \u00a0 \u00a0 \u00a0 \u00a0 \u00a0 \u00a0 \u00a0 \u00a0 \u00a0 \u00a0 \u00a0 \u00a0 \u00a0 \u00a0 \u00a0 \u00a0 \u00a0 \u00a0 \u00a0 \u00a0 \u00a0 \u00a0 \u00a0 \u00a0 \u00a0 \u00a0 \u00a0 \u00a0 \u00a0 \u00a0 \u00a0 \u00a0 \u00a0 \u00a0 \u00a0 \u00a0 \u00a0 \u00a0 \u00a0 \u00a0 \u00a0 \u00a0 \u00a0 \u00a0 \u00a0 \u00a0 \u00a0 \u00a0 \u00a0 \u00a0 \u00a0 \u00a0 \u00a0 \u00a0 \u00a0 \u00a0 \u00a0 \u00a0 \u00a0 \u00a0 \u00a0 \u00a0 \u00a0 \u00a0 \u00a0 \u00a0 \u00a0 \u00a0 \u00a0 \u00a0 \u00a0 \u00a0 \u00a0 \u00a0 \u00a0 \u00a0 \u00a0 \u00a0 \u00a0 \u00a0 \u00a0 \u00a0 \u00a0 \u00a0 \u00a0 \u00a0 \u00a0 \u00a0 \u00a0 \u00a0 \u00a0 \u00a0 \u00a0 \u00a0 \u00a0 \u00a0 \u00a0 \u00a0 \u00a0 \u00a0 \u00a0 \u00a0 \u00a0 \u00a0 \u00a0 \u00a0 \u00a0 \u00a0 \u00a0 \u00a0 \u00a0 \u00a0 \u00a0 \u00a0 \u00a0 \u00a0 \u00a0 \u00a0 \u00a0 \u00a0 \u00a0 \u00a0 \u00a0 \u00a0 \u00a0 \u00a0 \u00a0 \u00a0 \u00a0 \u00a0 \u00a0 \u00a0 \u00a0 \u00a0 \u00a0 \u00a0 \u00a0 \u00a0 \u00a0 \u00a0 \u00a0 \u00a0 \u00a0 \u00a0 \u00a0 \u00a0 \u00a0 \u00a0 \u00a0 \u00a0 \u00a0 \u00a0 \u00a0 \u00a0 \u00a0 \u00a0 \u00a0 \u00a0 \u00a0 \u00a0 \u00a0 \u00a0 \u00a0 \u00a0 \u00a0 \u00a0 \u00a0Las bolsas de empaque al vac\u00edo son una soluci\u00f3n eficiente para conservar la calidad y frescura de diversos productos gracias a su dise\u00f1o especializado. Protegen los alimentos del aire. La humedad y otros factores externos que aceleran su deterioro. Evitando la proliferaci\u00f3n de bacterias y hongos que podr\u00edan comprometer la seguridad alimentaria.<\/p><p>Fabricadas con materiales de alta resistencia como polietileno y poliamida, estas bolsas ofrecen una barrera eficaz contra contaminantes esta combinaci\u00f3n de materiales garantiza durabilidad y un sellado herm\u00e9tico que prolonga la vida \u00fatil de los productos envasados, manteni\u00e9ndolos en \u00f3ptimas condiciones por m\u00e1s tiempo y evitando la contaminaci\u00f3n cruzada.<\/p><p>Una de sus principales ventajas es la versatilidad. Est\u00e1n disponibles en diversos tama\u00f1os, grosores y presentaciones, adapt\u00e1ndose a una amplia gama de productos<a href=\"https:\/\/biopesaje.com\/index.php\/product\/paquete-de-bolsas-de-empaque-al-vacio-20-x-30-x-250-unidades-empaque-al-vacio\/\">.<\/a>\u00a0Desde carnes frescas y embutidos hasta quesos, frutas, vegetales, alimentos preparados e incluso productos no alimentarios. Esta flexibilidad las convierte en una opci\u00f3n ideal tanto para el uso dom\u00e9stico como para aplicaciones industriales en carnicer\u00edas, supermercados, restaurantes y otras \u00e1reas del sector alimentario.<\/p><p>Adem\u00e1s de conservar la frescura, las bolsas al vac\u00edo ayudan a mantener la presentaci\u00f3n de los productos. Al evitar la oxidaci\u00f3n y la p\u00e9rdida de humedad, los alimentos conservan su color, sabor y textura originales. Esto mejora la calidad percibida por el consumidor y facilita el almacenamiento y transporte, reduciendo el desperdicio de alimentos<\/p><p>En resumen.\u00a0las bolsas de empaque al vac\u00edo son una herramienta esencial para garantizar la seguridad alimentaria y optimizar la conservaci\u00f3n. Su durabilidad, compatibilidad con diversas empacadoras y capacidad para preservar las propiedades de los alimentos las hacen indispensables en la industria alimentaria, asegurando la frescura y calidad del producto final durante el proceso de almacenamiento y distribuci\u00f3n.<\/p><h5>Para mayor informaci\u00f3n y consulta de diferentes temas de inter\u00e9s te puedes dirigir a:\u00a0\u00a0<a href=\"https:\/\/www.invima.gov.co\/sites\/default\/files\/alimentos-y-bebidas-alcoholicas\/2023-09\/Resolucion%204143%20de%202012.PDF\">Resoluci\u00f3n 41 43 de 2012<\/a><\/h5>\t\t\t\t\t\t\t\t<\/div>\n\t\t\t\t<\/div>\n\t\t\t\t\t<\/div>\n\t\t<\/div>\n\t\t\t\t\t<\/div>\n\t\t<\/section>\n\t\t\t\t<\/div>\n\t\t","protected":false},"excerpt":{"rendered":"<p><strong>Bolsas para Empaque al Vac\u00edo \u2013 Conservaci\u00f3n y Frescura Garantizadas<\/strong><\/p>\n<p>Maximiza la frescura y protecci\u00f3n de tus productos con nuestras bolsas para empaquetar al vac\u00edo, de mayor durabilidad, resistencia al desgarre y un sellado herm\u00e9tico.<\/p>\n<p><strong>Beneficios:<\/strong><br \/>\n<strong>Alta resistencia y flexibilidad.<\/strong><br \/>\n<strong>Sellado fuerte y seguro.<\/strong><br \/>\n<strong>Barrera \u00f3ptima contra el ox\u00edgeno y la humedad.<\/strong><strong>Compatibles con diferentes m\u00e1quinas de sellado al vac\u00edo<\/strong>.<br \/>\n<strong>Certificadas para contacto directo con alimentos.<\/strong><br \/>\n<strong>Disponibilidad en m\u00e1s de 50 referencias<\/strong>.<br \/>\n<strong>Presentaci\u00f3n en paquetes de 250 unidades.<\/strong>.<strong>Manejamos bolsas en calibres desde 50 micras hasta 120 micras<\/strong>\u00a0.<br \/>\n<strong>Si la referencia que buscas no est\u00e1 en nuestro cat\u00e1logo, la fabricamos a medida<\/strong>\u00a0.<\/p>\n<p>Ideales para la industria alimentaria, restaurantes, carnicer\u00edas y m\u00e1s.<\/p>\n<p><strong>\u00a1Protege tus productos y optimiza su conservaci\u00f3n con nuestras bolsas para vac\u00edo!\u00a0<\/strong><\/p>\n","protected":false},"featured_media":603,"template":"","meta":{"_uag_custom_page_level_css":"","_joinchat":[]},"product_brand":[],"product_cat":[24],"product_tag":[],"class_list":{"0":"post-3105","1":"product","2":"type-product","3":"status-publish","4":"has-post-thumbnail","6":"product_cat-insumos","7":"thunk-woo-product-list","8":"opn-qv-enable","9":"top-store-woo-hover-none","10":"top-store-single-product-tab-horizontal","11":"top-store-shadow-","12":"top-store-shadow-hover-","14":"first","15":"instock","16":"taxable","17":"shipping-taxable","18":"product-type-simple"},"yoast_head":"<!-- This site is optimized with the Yoast SEO plugin v27.3 - https:\/\/yoast.com\/product\/yoast-seo-wordpress\/ -->\n<title>Bolsas de empaque al vac\u00edo 32 x 42 x 250 unidades. - BIOPESAJE S.A.S.<\/title>\n<meta name=\"description\" content=\"Biopesaje S.A.S cuenta con la mejor selecci\u00f3n de equipos en categor\u00edas como pesaje, procesamiento y empaque de la industria alimenticia. Paquete de bolsas\" \/>\n<meta name=\"robots\" content=\"index, follow, max-snippet:-1, max-image-preview:large, max-video-preview:-1\" \/>\n<link rel=\"canonical\" href=\"https:\/\/biopesaje.com\/index.php\/product\/paquete-de-bolsas-de-empaque-al-vacio-32-x-42-x-250-unidades\/\" \/>\n<meta property=\"og:locale\" content=\"es_ES\" \/>\n<meta property=\"og:type\" content=\"article\" \/>\n<meta property=\"og:title\" content=\"Bolsas de empaque al vac\u00edo 32 x 42 x 250 unidades. - BIOPESAJE S.A.S.\" \/>\n<meta property=\"og:description\" content=\"Biopesaje S.A.S cuenta con la mejor selecci\u00f3n de equipos en categor\u00edas como pesaje, procesamiento y empaque de la industria alimenticia. Paquete de bolsas\" \/>\n<meta property=\"og:url\" content=\"https:\/\/biopesaje.com\/index.php\/product\/paquete-de-bolsas-de-empaque-al-vacio-32-x-42-x-250-unidades\/\" \/>\n<meta property=\"og:site_name\" content=\"BIOPESAJE S.A.S.\" \/>\n<meta property=\"article:modified_time\" content=\"2025-05-20T16:41:32+00:00\" \/>\n<meta property=\"og:image\" content=\"https:\/\/biopesaje.com\/wp-content\/uploads\/2021\/04\/carne-exportacion.jpg\" \/>\n\t<meta property=\"og:image:width\" content=\"700\" \/>\n\t<meta property=\"og:image:height\" content=\"466\" \/>\n\t<meta property=\"og:image:type\" content=\"image\/jpeg\" \/>\n<meta name=\"twitter:card\" content=\"summary_large_image\" \/>\n<meta name=\"twitter:label1\" content=\"Tiempo de lectura\" \/>\n\t<meta name=\"twitter:data1\" content=\"2 minutos\" \/>\n<script type=\"application\/ld+json\" class=\"yoast-schema-graph\">{\"@context\":\"https:\\\/\\\/schema.org\",\"@graph\":[{\"@type\":\"WebPage\",\"@id\":\"https:\\\/\\\/biopesaje.com\\\/index.php\\\/product\\\/paquete-de-bolsas-de-empaque-al-vacio-32-x-42-x-250-unidades\\\/\",\"url\":\"https:\\\/\\\/biopesaje.com\\\/index.php\\\/product\\\/paquete-de-bolsas-de-empaque-al-vacio-32-x-42-x-250-unidades\\\/\",\"name\":\"Bolsas de empaque al vac\u00edo 32 x 42 x 250 unidades. - BIOPESAJE S.A.S.\",\"isPartOf\":{\"@id\":\"https:\\\/\\\/biopesaje.com\\\/#website\"},\"primaryImageOfPage\":{\"@id\":\"https:\\\/\\\/biopesaje.com\\\/index.php\\\/product\\\/paquete-de-bolsas-de-empaque-al-vacio-32-x-42-x-250-unidades\\\/#primaryimage\"},\"image\":{\"@id\":\"https:\\\/\\\/biopesaje.com\\\/index.php\\\/product\\\/paquete-de-bolsas-de-empaque-al-vacio-32-x-42-x-250-unidades\\\/#primaryimage\"},\"thumbnailUrl\":\"https:\\\/\\\/biopesaje.com\\\/wp-content\\\/uploads\\\/2021\\\/04\\\/carne-exportacion.jpg\",\"datePublished\":\"2022-02-25T20:39:16+00:00\",\"dateModified\":\"2025-05-20T16:41:32+00:00\",\"description\":\"Biopesaje S.A.S cuenta con la mejor selecci\u00f3n de equipos en categor\u00edas como pesaje, procesamiento y empaque de la industria alimenticia. Paquete de bolsas\",\"breadcrumb\":{\"@id\":\"https:\\\/\\\/biopesaje.com\\\/index.php\\\/product\\\/paquete-de-bolsas-de-empaque-al-vacio-32-x-42-x-250-unidades\\\/#breadcrumb\"},\"inLanguage\":\"es-CO\",\"potentialAction\":[{\"@type\":\"ReadAction\",\"target\":[\"https:\\\/\\\/biopesaje.com\\\/index.php\\\/product\\\/paquete-de-bolsas-de-empaque-al-vacio-32-x-42-x-250-unidades\\\/\"]}]},{\"@type\":\"ImageObject\",\"inLanguage\":\"es-CO\",\"@id\":\"https:\\\/\\\/biopesaje.com\\\/index.php\\\/product\\\/paquete-de-bolsas-de-empaque-al-vacio-32-x-42-x-250-unidades\\\/#primaryimage\",\"url\":\"https:\\\/\\\/biopesaje.com\\\/wp-content\\\/uploads\\\/2021\\\/04\\\/carne-exportacion.jpg\",\"contentUrl\":\"https:\\\/\\\/biopesaje.com\\\/wp-content\\\/uploads\\\/2021\\\/04\\\/carne-exportacion.jpg\",\"width\":700,\"height\":466,\"caption\":\"Bolsas\"},{\"@type\":\"BreadcrumbList\",\"@id\":\"https:\\\/\\\/biopesaje.com\\\/index.php\\\/product\\\/paquete-de-bolsas-de-empaque-al-vacio-32-x-42-x-250-unidades\\\/#breadcrumb\",\"itemListElement\":[{\"@type\":\"ListItem\",\"position\":1,\"name\":\"Home\",\"item\":\"https:\\\/\\\/biopesaje.com\\\/\"},{\"@type\":\"ListItem\",\"position\":2,\"name\":\"Productos\",\"item\":\"https:\\\/\\\/biopesaje.com\\\/index.php\\\/tienda\\\/\"},{\"@type\":\"ListItem\",\"position\":3,\"name\":\"Paquete de Bolsas de empaque al vac\u00edo 32 x 42 x 250 unidades.\"}]},{\"@type\":\"WebSite\",\"@id\":\"https:\\\/\\\/biopesaje.com\\\/#website\",\"url\":\"https:\\\/\\\/biopesaje.com\\\/\",\"name\":\"BIOPESAJE S.A.S.\",\"description\":\"Ingenier\u00eda de pesaje, metrolog\u00eda y laboratorio.\",\"publisher\":{\"@id\":\"https:\\\/\\\/biopesaje.com\\\/#organization\"},\"potentialAction\":[{\"@type\":\"SearchAction\",\"target\":{\"@type\":\"EntryPoint\",\"urlTemplate\":\"https:\\\/\\\/biopesaje.com\\\/?s={search_term_string}\"},\"query-input\":{\"@type\":\"PropertyValueSpecification\",\"valueRequired\":true,\"valueName\":\"search_term_string\"}}],\"inLanguage\":\"es-CO\"},{\"@type\":\"Organization\",\"@id\":\"https:\\\/\\\/biopesaje.com\\\/#organization\",\"name\":\"BIOPESAJE S.A.S.\",\"url\":\"https:\\\/\\\/biopesaje.com\\\/\",\"logo\":{\"@type\":\"ImageObject\",\"inLanguage\":\"es-CO\",\"@id\":\"https:\\\/\\\/biopesaje.com\\\/#\\\/schema\\\/logo\\\/image\\\/\",\"url\":\"\",\"contentUrl\":\"\",\"caption\":\"BIOPESAJE S.A.S.\"},\"image\":{\"@id\":\"https:\\\/\\\/biopesaje.com\\\/#\\\/schema\\\/logo\\\/image\\\/\"}}]}<\/script>\n<!-- \/ Yoast SEO plugin. -->","yoast_head_json":{"title":"Bolsas de empaque al vac\u00edo 32 x 42 x 250 unidades. - BIOPESAJE S.A.S.","description":"Biopesaje S.A.S cuenta con la mejor selecci\u00f3n de equipos en categor\u00edas como pesaje, procesamiento y empaque de la industria alimenticia. Paquete de bolsas","robots":{"index":"index","follow":"follow","max-snippet":"max-snippet:-1","max-image-preview":"max-image-preview:large","max-video-preview":"max-video-preview:-1"},"canonical":"https:\/\/biopesaje.com\/index.php\/product\/paquete-de-bolsas-de-empaque-al-vacio-32-x-42-x-250-unidades\/","og_locale":"es_ES","og_type":"article","og_title":"Bolsas de empaque al vac\u00edo 32 x 42 x 250 unidades. - BIOPESAJE S.A.S.","og_description":"Biopesaje S.A.S cuenta con la mejor selecci\u00f3n de equipos en categor\u00edas como pesaje, procesamiento y empaque de la industria alimenticia. Paquete de bolsas","og_url":"https:\/\/biopesaje.com\/index.php\/product\/paquete-de-bolsas-de-empaque-al-vacio-32-x-42-x-250-unidades\/","og_site_name":"BIOPESAJE S.A.S.","article_modified_time":"2025-05-20T16:41:32+00:00","og_image":[{"width":700,"height":466,"url":"https:\/\/biopesaje.com\/wp-content\/uploads\/2021\/04\/carne-exportacion.jpg","type":"image\/jpeg"}],"twitter_card":"summary_large_image","twitter_misc":{"Tiempo de lectura":"2 minutos"},"schema":{"@context":"https:\/\/schema.org","@graph":[{"@type":"WebPage","@id":"https:\/\/biopesaje.com\/index.php\/product\/paquete-de-bolsas-de-empaque-al-vacio-32-x-42-x-250-unidades\/","url":"https:\/\/biopesaje.com\/index.php\/product\/paquete-de-bolsas-de-empaque-al-vacio-32-x-42-x-250-unidades\/","name":"Bolsas de empaque al vac\u00edo 32 x 42 x 250 unidades. - BIOPESAJE S.A.S.","isPartOf":{"@id":"https:\/\/biopesaje.com\/#website"},"primaryImageOfPage":{"@id":"https:\/\/biopesaje.com\/index.php\/product\/paquete-de-bolsas-de-empaque-al-vacio-32-x-42-x-250-unidades\/#primaryimage"},"image":{"@id":"https:\/\/biopesaje.com\/index.php\/product\/paquete-de-bolsas-de-empaque-al-vacio-32-x-42-x-250-unidades\/#primaryimage"},"thumbnailUrl":"https:\/\/biopesaje.com\/wp-content\/uploads\/2021\/04\/carne-exportacion.jpg","datePublished":"2022-02-25T20:39:16+00:00","dateModified":"2025-05-20T16:41:32+00:00","description":"Biopesaje S.A.S cuenta con la mejor selecci\u00f3n de equipos en categor\u00edas como pesaje, procesamiento y empaque de la industria alimenticia. Paquete de bolsas","breadcrumb":{"@id":"https:\/\/biopesaje.com\/index.php\/product\/paquete-de-bolsas-de-empaque-al-vacio-32-x-42-x-250-unidades\/#breadcrumb"},"inLanguage":"es-CO","potentialAction":[{"@type":"ReadAction","target":["https:\/\/biopesaje.com\/index.php\/product\/paquete-de-bolsas-de-empaque-al-vacio-32-x-42-x-250-unidades\/"]}]},{"@type":"ImageObject","inLanguage":"es-CO","@id":"https:\/\/biopesaje.com\/index.php\/product\/paquete-de-bolsas-de-empaque-al-vacio-32-x-42-x-250-unidades\/#primaryimage","url":"https:\/\/biopesaje.com\/wp-content\/uploads\/2021\/04\/carne-exportacion.jpg","contentUrl":"https:\/\/biopesaje.com\/wp-content\/uploads\/2021\/04\/carne-exportacion.jpg","width":700,"height":466,"caption":"Bolsas"},{"@type":"BreadcrumbList","@id":"https:\/\/biopesaje.com\/index.php\/product\/paquete-de-bolsas-de-empaque-al-vacio-32-x-42-x-250-unidades\/#breadcrumb","itemListElement":[{"@type":"ListItem","position":1,"name":"Home","item":"https:\/\/biopesaje.com\/"},{"@type":"ListItem","position":2,"name":"Productos","item":"https:\/\/biopesaje.com\/index.php\/tienda\/"},{"@type":"ListItem","position":3,"name":"Paquete de Bolsas de empaque al vac\u00edo 32 x 42 x 250 unidades."}]},{"@type":"WebSite","@id":"https:\/\/biopesaje.com\/#website","url":"https:\/\/biopesaje.com\/","name":"BIOPESAJE S.A.S.","description":"Ingenier\u00eda de pesaje, metrolog\u00eda y laboratorio.","publisher":{"@id":"https:\/\/biopesaje.com\/#organization"},"potentialAction":[{"@type":"SearchAction","target":{"@type":"EntryPoint","urlTemplate":"https:\/\/biopesaje.com\/?s={search_term_string}"},"query-input":{"@type":"PropertyValueSpecification","valueRequired":true,"valueName":"search_term_string"}}],"inLanguage":"es-CO"},{"@type":"Organization","@id":"https:\/\/biopesaje.com\/#organization","name":"BIOPESAJE S.A.S.","url":"https:\/\/biopesaje.com\/","logo":{"@type":"ImageObject","inLanguage":"es-CO","@id":"https:\/\/biopesaje.com\/#\/schema\/logo\/image\/","url":"","contentUrl":"","caption":"BIOPESAJE S.A.S."},"image":{"@id":"https:\/\/biopesaje.com\/#\/schema\/logo\/image\/"}}]}},"uagb_featured_image_src":{"full":["https:\/\/biopesaje.com\/wp-content\/uploads\/2021\/04\/carne-exportacion.jpg",700,466,false],"thumbnail":["https:\/\/biopesaje.com\/wp-content\/uploads\/2021\/04\/carne-exportacion-150x150.jpg",150,150,true],"medium":["https:\/\/biopesaje.com\/wp-content\/uploads\/2021\/04\/carne-exportacion-300x200.jpg",300,200,true],"medium_large":["https:\/\/biopesaje.com\/wp-content\/uploads\/2021\/04\/carne-exportacion.jpg",640,426,false],"large":["https:\/\/biopesaje.com\/wp-content\/uploads\/2021\/04\/carne-exportacion.jpg",640,426,false],"1536x1536":["https:\/\/biopesaje.com\/wp-content\/uploads\/2021\/04\/carne-exportacion.jpg",700,466,false],"2048x2048":["https:\/\/biopesaje.com\/wp-content\/uploads\/2021\/04\/carne-exportacion.jpg",700,466,false],"woocommerce_thumbnail":["https:\/\/biopesaje.com\/wp-content\/uploads\/2021\/04\/carne-exportacion-320x320.jpg",320,320,true],"woocommerce_single":["https:\/\/biopesaje.com\/wp-content\/uploads\/2021\/04\/carne-exportacion.jpg",700,466,false],"woocommerce_gallery_thumbnail":["https:\/\/biopesaje.com\/wp-content\/uploads\/2021\/04\/carne-exportacion-100x100.jpg",100,100,true],"thaps-thumb-img":["https:\/\/biopesaje.com\/wp-content\/uploads\/2021\/04\/carne-exportacion.jpg",48,32,false],"taiowc-thumb-img":["https:\/\/biopesaje.com\/wp-content\/uploads\/2021\/04\/carne-exportacion.jpg",48,32,false]},"uagb_author_info":{"display_name":"Diego Martinez","author_link":"https:\/\/biopesaje.com\/index.php\/author\/"},"uagb_comment_info":0,"uagb_excerpt":"Bolsas para Empaque al Vac\u00edo \u2013 Conservaci\u00f3n y Frescura Garantizadas Maximiza la frescura y protecci\u00f3n de tus productos con nuestras bolsas para empaquetar al vac\u00edo, de mayor durabilidad, resistencia al desgarre y un sellado herm\u00e9tico. Beneficios: Alta resistencia y flexibilidad. Sellado fuerte y seguro. Barrera \u00f3ptima contra el ox\u00edgeno y la humedad.Compatibles con diferentes m\u00e1quinas&hellip;","jetpack_sharing_enabled":true,"_links":{"self":[{"href":"https:\/\/biopesaje.com\/index.php\/wp-json\/wp\/v2\/product\/3105","targetHints":{"allow":["GET"]}}],"collection":[{"href":"https:\/\/biopesaje.com\/index.php\/wp-json\/wp\/v2\/product"}],"about":[{"href":"https:\/\/biopesaje.com\/index.php\/wp-json\/wp\/v2\/types\/product"}],"version-history":[{"count":10,"href":"https:\/\/biopesaje.com\/index.php\/wp-json\/wp\/v2\/product\/3105\/revisions"}],"predecessor-version":[{"id":8858,"href":"https:\/\/biopesaje.com\/index.php\/wp-json\/wp\/v2\/product\/3105\/revisions\/8858"}],"wp:featuredmedia":[{"embeddable":true,"href":"https:\/\/biopesaje.com\/index.php\/wp-json\/wp\/v2\/media\/603"}],"wp:attachment":[{"href":"https:\/\/biopesaje.com\/index.php\/wp-json\/wp\/v2\/media?parent=3105"}],"wp:term":[{"taxonomy":"product_brand","embeddable":true,"href":"https:\/\/biopesaje.com\/index.php\/wp-json\/wp\/v2\/product_brand?post=3105"},{"taxonomy":"product_cat","embeddable":true,"href":"https:\/\/biopesaje.com\/index.php\/wp-json\/wp\/v2\/product_cat?post=3105"},{"taxonomy":"product_tag","embeddable":true,"href":"https:\/\/biopesaje.com\/index.php\/wp-json\/wp\/v2\/product_tag?post=3105"}],"curies":[{"name":"wp","href":"https:\/\/api.w.org\/{rel}","templated":true}]}}