{"id":7120,"date":"2025-03-11T18:51:11","date_gmt":"2025-03-11T18:51:11","guid":{"rendered":"https:\/\/biopesaje.com\/?post_type=product&#038;p=7120"},"modified":"2025-03-12T14:08:31","modified_gmt":"2025-03-12T14:08:31","slug":"controlador-de-pesaje-su80a","status":"publish","type":"product","link":"https:\/\/biopesaje.com\/index.php\/product\/controlador-de-pesaje-su80a\/","title":{"rendered":"Controlador de peso SU80A"},"content":{"rendered":"\t\t<div data-elementor-type=\"wp-post\" data-elementor-id=\"7120\" class=\"elementor elementor-7120\" data-elementor-post-type=\"product\">\n\t\t\t\t\t\t<section class=\"elementor-section elementor-top-section elementor-element elementor-element-33cfee4 elementor-section-boxed elementor-section-height-default elementor-section-height-default\" data-id=\"33cfee4\" data-element_type=\"section\" data-e-type=\"section\">\n\t\t\t\t\t\t<div class=\"elementor-container elementor-column-gap-default\">\n\t\t\t\t\t<div class=\"elementor-column elementor-col-100 elementor-top-column elementor-element elementor-element-29bc1cb\" data-id=\"29bc1cb\" data-element_type=\"column\" data-e-type=\"column\">\n\t\t\t<div class=\"elementor-widget-wrap elementor-element-populated\">\n\t\t\t\t\t\t<div class=\"elementor-element elementor-element-527aa37 elementor-widget elementor-widget-heading\" data-id=\"527aa37\" data-element_type=\"widget\" data-e-type=\"widget\" data-widget_type=\"heading.default\">\n\t\t\t\t<div class=\"elementor-widget-container\">\n\t\t\t\t\t<h2 class=\"elementor-heading-title elementor-size-default\">Descripci\u00f3n de equipo SU80A - Biopesaje<\/h2>\t\t\t\t<\/div>\n\t\t\t\t<\/div>\n\t\t\t\t\t<\/div>\n\t\t<\/div>\n\t\t\t\t\t<\/div>\n\t\t<\/section>\n\t\t\t\t<section class=\"elementor-section elementor-top-section elementor-element elementor-element-3bb308d elementor-section-boxed elementor-section-height-default elementor-section-height-default\" data-id=\"3bb308d\" data-element_type=\"section\" data-e-type=\"section\">\n\t\t\t\t\t\t<div class=\"elementor-container elementor-column-gap-default\">\n\t\t\t\t\t<div class=\"elementor-column elementor-col-100 elementor-top-column elementor-element elementor-element-7781009\" data-id=\"7781009\" data-element_type=\"column\" data-e-type=\"column\">\n\t\t\t<div class=\"elementor-widget-wrap elementor-element-populated\">\n\t\t\t\t\t\t<div class=\"elementor-element elementor-element-cce4717 elementor-widget elementor-widget-heading\" data-id=\"cce4717\" data-element_type=\"widget\" data-e-type=\"widget\" data-widget_type=\"heading.default\">\n\t\t\t\t<div class=\"elementor-widget-container\">\n\t\t\t\t\t<h4 class=\"elementor-heading-title elementor-size-default\">Vis\u00edtanos en: Instagram: @biopesaje \/ Facebook: Biopesaje S.A.S<\/h4>\t\t\t\t<\/div>\n\t\t\t\t<\/div>\n\t\t\t\t\t<\/div>\n\t\t<\/div>\n\t\t\t\t\t<\/div>\n\t\t<\/section>\n\t\t\t\t<section class=\"elementor-section elementor-top-section elementor-element elementor-element-1d2ee1ed elementor-section-boxed elementor-section-height-default elementor-section-height-default\" data-id=\"1d2ee1ed\" data-element_type=\"section\" data-e-type=\"section\">\n\t\t\t\t\t\t<div class=\"elementor-container elementor-column-gap-default\">\n\t\t\t\t\t<div class=\"elementor-column elementor-col-100 elementor-top-column elementor-element elementor-element-e7ac4ad\" data-id=\"e7ac4ad\" data-element_type=\"column\" data-e-type=\"column\">\n\t\t\t<div class=\"elementor-widget-wrap elementor-element-populated\">\n\t\t\t\t\t\t<div class=\"elementor-element elementor-element-646f7a1d elementor-widget elementor-widget-text-editor\" data-id=\"646f7a1d\" data-element_type=\"widget\" data-e-type=\"widget\" data-widget_type=\"text-editor.default\">\n\t\t\t\t<div class=\"elementor-widget-container\">\n\t\t\t\t\t\t\t\t\t<p><strong>Controlador de Pesaje SU80A: Precisi\u00f3n y Eficiencia en el Control de Peso<\/strong><\/p>\n<p>El <strong>Controlador de Pesaje SU80A<\/strong> es un dispositivo avanzado dise\u00f1ado para medir, controlar y gestionar procesos de pesaje con alta precisi\u00f3n. Es ideal para entornos industriales que requieren un control exacto del peso, ofreciendo funciones como la visualizaci\u00f3n en tiempo real, la gesti\u00f3n de l\u00edmites de peso y la activaci\u00f3n de salidas de rel\u00e9 para alarmas o automatizaci\u00f3n.<\/p>\n<p>Una de sus principales caracter\u00edsticas es su <strong>CPU ARM de 32 bits<\/strong> con una frecuencia de 48 MHz, que garantiza un procesamiento r\u00e1pido y eficiente. Adem\u00e1s, su dise\u00f1o con protecci\u00f3n <strong>EMC<\/strong> lo hace resistente a interferencias, lo que asegura un funcionamiento estable en entornos industriales exigentes.<\/p>\n<p>En cuanto a la precisi\u00f3n, el SU80A ofrece una <strong>interfaz de celdas de carga<\/strong> con un voltaje de excitaci\u00f3n de <strong>DC5V\/200mA<\/strong> y un rango de entrada de se\u00f1al de <strong>\u00b119.5mV<\/strong>. Su convertidor <strong>ADC de 24 bits<\/strong> proporciona una resoluci\u00f3n de <strong>1\/1,000,000<\/strong>, lo que lo convierte en una opci\u00f3n confiable para aplicaciones que requieren una alta exactitud. Asimismo, cuenta con <strong>frecuencias de muestreo ajustables<\/strong> (10Hz, 40Hz, 640Hz y 1280Hz), permitiendo adaptar el dispositivo a distintas necesidades de medici\u00f3n.<\/p>\n<p>Para facilitar la operaci\u00f3n, el controlador incorpora un <strong>display LED rojo de 4 d\u00edgitos<\/strong> que ofrece una lectura clara del peso. Tambi\u00e9n cuenta con <strong>dos indicadores. LED<\/strong> que muestran el estado de las salidas de rel\u00e9 y un <strong>teclado de 4 botones<\/strong> que permite ajustar par\u00e1metros, realizar calibraciones y configurar los puntos de ajuste.<\/p>\n<p>El <strong>SU80A<\/strong> dispone de <strong>dos salidas de rel\u00e9<\/strong> con contactos normalmente abiertos y cerrados, con una capacidad de <strong>AC250V\/DC24V, 1A<\/strong>, ideales para activar alarmas o automatizar procesos. Adem\u00e1s, funciona con una <strong>alimentaci\u00f3n de DC24V\u00b120%<\/strong> y tiene un consumo m\u00e1ximo de <strong>3W<\/strong>, lo que lo hace eficiente y de bajo consumo energ\u00e9tico.<\/p>\n<p><\/p>\n<h5>Para mayor informaci\u00f3n y consulta de diferentes temas de inter\u00e9s te puedes dirigir a:&nbsp; <a href=\"https:\/\/members.wto.org\/crnattachments\/2016\/TBT\/COL\/16_1549_01_s.pdf\" target=\"_blank\" rel=\"noopener\">NTC 2031<\/a><\/h5>\n<p><\/p>\t\t\t\t\t\t\t\t<\/div>\n\t\t\t\t<\/div>\n\t\t\t\t\t<\/div>\n\t\t<\/div>\n\t\t\t\t\t<\/div>\n\t\t<\/section>\n\t\t\t\t<section class=\"elementor-section elementor-top-section elementor-element elementor-element-14f5969 elementor-section-boxed elementor-section-height-default elementor-section-height-default\" data-id=\"14f5969\" data-element_type=\"section\" data-e-type=\"section\">\n\t\t\t\t\t\t<div class=\"elementor-container elementor-column-gap-default\">\n\t\t\t\t\t<div class=\"elementor-column elementor-col-100 elementor-top-column elementor-element elementor-element-c5a3422\" data-id=\"c5a3422\" data-element_type=\"column\" data-e-type=\"column\">\n\t\t\t<div class=\"elementor-widget-wrap elementor-element-populated\">\n\t\t\t\t\t\t<div class=\"elementor-element elementor-element-610edd6 elementor-widget elementor-widget-heading\" data-id=\"610edd6\" data-element_type=\"widget\" data-e-type=\"widget\" data-widget_type=\"heading.default\">\n\t\t\t\t<div class=\"elementor-widget-container\">\n\t\t\t\t\t<h3 class=\"elementor-heading-title elementor-size-default\">Documentaci\u00f3n<\/h3>\t\t\t\t<\/div>\n\t\t\t\t<\/div>\n\t\t\t\t<div class=\"elementor-element elementor-element-85c0d64 elementor-widget elementor-widget-eael-adv-accordion\" data-id=\"85c0d64\" data-element_type=\"widget\" data-e-type=\"widget\" data-widget_type=\"eael-adv-accordion.default\">\n\t\t\t\t<div class=\"elementor-widget-container\">\n\t\t\t\t\t            <div class=\"eael-adv-accordion\" id=\"eael-adv-accordion-85c0d64\" data-scroll-on-click=\"no\" data-scroll-speed=\"300\" data-accordion-id=\"85c0d64\" data-accordion-type=\"accordion\" data-toogle-speed=\"300\">\n            <div class=\"eael-accordion-list\">\n\t\t\t\t\t<div id=\"documentos\" class=\"elementor-tab-title eael-accordion-header active-default\" tabindex=\"0\" data-tab=\"1\" aria-controls=\"elementor-tab-content-1401\"><span class=\"eael-advanced-accordion-icon-closed\"><i aria-hidden=\"true\" class=\"fa-accordion-icon far fa-file-pdf\"><\/i><\/span><span class=\"eael-advanced-accordion-icon-opened\"><i aria-hidden=\"true\" class=\"fa-accordion-icon fas fa-minus\"><\/i><\/span><span class=\"eael-accordion-tab-title\">Documentos<\/span><i aria-hidden=\"true\" class=\"fa-toggle fas fa-angle-right\"><\/i><\/div><div id=\"elementor-tab-content-1401\" class=\"eael-accordion-content clearfix active-default\" data-tab=\"1\" aria-labelledby=\"documentos\"><p><img decoding=\"async\" class=\"wp-image-2526 alignnone\" src=\"https:\/\/biopesaje.com\/wp-content\/uploads\/2022\/02\/391px-PDF_file_icon.svg.png\" alt=\"\" width=\"30\" height=\"37\" srcset=\"https:\/\/biopesaje.com\/wp-content\/uploads\/2022\/02\/391px-PDF_file_icon.svg.png 391w, https:\/\/biopesaje.com\/wp-content\/uploads\/2022\/02\/391px-PDF_file_icon.svg-300x368.png 300w, https:\/\/biopesaje.com\/wp-content\/uploads\/2022\/02\/391px-PDF_file_icon.svg-244x300.png 244w, https:\/\/biopesaje.com\/wp-content\/uploads\/2022\/02\/391px-PDF_file_icon.svg-48x59.png 48w\" sizes=\"(max-width: 30px) 100vw, 30px\" \/><a href=\"https:\/\/biopesaje.com\/wp-content\/uploads\/2025\/03\/SU80A-Weighing-Controller_V1.0ABS.pdf\" target=\"_blank\" rel=\"noopener\">Manual\u00a0Controlador de Pesaje SU80A<\/a><\/p><p>\u00a0<\/p><\/div>\n\t\t\t\t\t<\/div><\/div>\t\t\t\t<\/div>\n\t\t\t\t<\/div>\n\t\t\t\t\t<\/div>\n\t\t<\/div>\n\t\t\t\t\t<\/div>\n\t\t<\/section>\n\t\t\t\t<\/div>\n\t\t","protected":false},"excerpt":{"rendered":"<p><strong>Controlador de Pesaje SU80A<\/strong><\/p>\n<p>El <strong>Controlador de Pesaje SU80A<\/strong> es un dispositivo compacto y preciso dise\u00f1ado para mostrar el peso, controlar l\u00edmites de peso alto\/bajo y activar <strong>salidas de rel\u00e9<\/strong>.<\/p>\n<p>Cuenta con un <strong>CPU ARM de 32 bits<\/strong> para un procesamiento r\u00e1pido, una <strong>interfaz de celdas de carga<\/strong> con voltaje de excitaci\u00f3n de <strong>DC5V\/200mA<\/strong> y un <strong>display LED rojo<\/strong> para una lectura clara.<\/p>\n<p>Ofrece <strong>dos salidas de rel\u00e9<\/strong> (AC250V\/DC24V, 1A), funciona con <strong>alimentaci\u00f3n de DC24V\u00b120%<\/strong>, y su dise\u00f1o robusto (IP50) es ideal para entornos industriales.<\/p>\n<p>Es una soluci\u00f3n eficiente para el control de peso en sistemas automatizados.<\/p>\n","protected":false},"featured_media":7124,"template":"","meta":{"_uag_custom_page_level_css":"","_joinchat":[]},"product_brand":[],"product_cat":[69],"product_tag":[],"class_list":{"0":"post-7120","1":"product","2":"type-product","3":"status-publish","4":"has-post-thumbnail","6":"product_cat-control","7":"thunk-woo-product-list","8":"opn-qv-enable","9":"top-store-woo-hover-none","10":"top-store-single-product-tab-horizontal","11":"top-store-shadow-","12":"top-store-shadow-hover-","14":"first","15":"instock","16":"taxable","17":"shipping-taxable","18":"product-type-simple"},"yoast_head":"<!-- This site is optimized with the Yoast SEO plugin v27.5 - https:\/\/yoast.com\/product\/yoast-seo-wordpress\/ -->\n<title>SU80A controlador de pesaje - BIOPESAJE S.A.S.<\/title>\n<meta name=\"description\" content=\"Biopesaje S.A.S cuenta con la mejor selecci\u00f3n de equipos en categor\u00edas como pesaje, procesamiento y empaque de la industria alimenticia. SU80A\" \/>\n<meta name=\"robots\" content=\"index, follow, max-snippet:-1, max-image-preview:large, max-video-preview:-1\" \/>\n<link rel=\"canonical\" href=\"https:\/\/biopesaje.com\/index.php\/product\/controlador-de-pesaje-su80a\/\" \/>\n<meta property=\"og:locale\" content=\"es_ES\" \/>\n<meta property=\"og:type\" content=\"article\" \/>\n<meta property=\"og:title\" content=\"SU80A controlador de pesaje - BIOPESAJE S.A.S.\" \/>\n<meta property=\"og:description\" content=\"Biopesaje S.A.S cuenta con la mejor selecci\u00f3n de equipos en categor\u00edas como pesaje, procesamiento y empaque de la industria alimenticia. SU80A\" \/>\n<meta property=\"og:url\" content=\"https:\/\/biopesaje.com\/index.php\/product\/controlador-de-pesaje-su80a\/\" \/>\n<meta property=\"og:site_name\" content=\"BIOPESAJE S.A.S.\" \/>\n<meta property=\"article:modified_time\" content=\"2025-03-12T14:08:31+00:00\" \/>\n<meta property=\"og:image\" content=\"https:\/\/biopesaje.com\/wp-content\/uploads\/2025\/03\/WhatsApp-Image-2025-03-11-at-3.01.34-PM-3.jpeg\" \/>\n\t<meta property=\"og:image:width\" content=\"1600\" \/>\n\t<meta property=\"og:image:height\" content=\"1249\" \/>\n\t<meta property=\"og:image:type\" content=\"image\/jpeg\" \/>\n<meta name=\"twitter:card\" content=\"summary_large_image\" \/>\n<meta name=\"twitter:label1\" content=\"Tiempo de lectura\" \/>\n\t<meta name=\"twitter:data1\" content=\"2 minutos\" \/>\n<script type=\"application\/ld+json\" class=\"yoast-schema-graph\">{\"@context\":\"https:\\\/\\\/schema.org\",\"@graph\":[{\"@type\":\"WebPage\",\"@id\":\"https:\\\/\\\/biopesaje.com\\\/index.php\\\/product\\\/controlador-de-pesaje-su80a\\\/\",\"url\":\"https:\\\/\\\/biopesaje.com\\\/index.php\\\/product\\\/controlador-de-pesaje-su80a\\\/\",\"name\":\"SU80A controlador de pesaje - BIOPESAJE S.A.S.\",\"isPartOf\":{\"@id\":\"https:\\\/\\\/biopesaje.com\\\/#website\"},\"primaryImageOfPage\":{\"@id\":\"https:\\\/\\\/biopesaje.com\\\/index.php\\\/product\\\/controlador-de-pesaje-su80a\\\/#primaryimage\"},\"image\":{\"@id\":\"https:\\\/\\\/biopesaje.com\\\/index.php\\\/product\\\/controlador-de-pesaje-su80a\\\/#primaryimage\"},\"thumbnailUrl\":\"https:\\\/\\\/biopesaje.com\\\/wp-content\\\/uploads\\\/2025\\\/03\\\/WhatsApp-Image-2025-03-11-at-3.01.34-PM-3.jpeg\",\"datePublished\":\"2025-03-11T18:51:11+00:00\",\"dateModified\":\"2025-03-12T14:08:31+00:00\",\"description\":\"Biopesaje S.A.S cuenta con la mejor selecci\u00f3n de equipos en categor\u00edas como pesaje, procesamiento y empaque de la industria alimenticia. SU80A\",\"breadcrumb\":{\"@id\":\"https:\\\/\\\/biopesaje.com\\\/index.php\\\/product\\\/controlador-de-pesaje-su80a\\\/#breadcrumb\"},\"inLanguage\":\"es-CO\",\"potentialAction\":[{\"@type\":\"ReadAction\",\"target\":[\"https:\\\/\\\/biopesaje.com\\\/index.php\\\/product\\\/controlador-de-pesaje-su80a\\\/\"]}]},{\"@type\":\"ImageObject\",\"inLanguage\":\"es-CO\",\"@id\":\"https:\\\/\\\/biopesaje.com\\\/index.php\\\/product\\\/controlador-de-pesaje-su80a\\\/#primaryimage\",\"url\":\"https:\\\/\\\/biopesaje.com\\\/wp-content\\\/uploads\\\/2025\\\/03\\\/WhatsApp-Image-2025-03-11-at-3.01.34-PM-3.jpeg\",\"contentUrl\":\"https:\\\/\\\/biopesaje.com\\\/wp-content\\\/uploads\\\/2025\\\/03\\\/WhatsApp-Image-2025-03-11-at-3.01.34-PM-3.jpeg\",\"width\":1600,\"height\":1249,\"caption\":\"SU80A\"},{\"@type\":\"BreadcrumbList\",\"@id\":\"https:\\\/\\\/biopesaje.com\\\/index.php\\\/product\\\/controlador-de-pesaje-su80a\\\/#breadcrumb\",\"itemListElement\":[{\"@type\":\"ListItem\",\"position\":1,\"name\":\"Home\",\"item\":\"https:\\\/\\\/biopesaje.com\\\/\"},{\"@type\":\"ListItem\",\"position\":2,\"name\":\"Productos\",\"item\":\"https:\\\/\\\/biopesaje.com\\\/index.php\\\/tienda\\\/\"},{\"@type\":\"ListItem\",\"position\":3,\"name\":\"Controlador de peso SU80A\"}]},{\"@type\":\"WebSite\",\"@id\":\"https:\\\/\\\/biopesaje.com\\\/#website\",\"url\":\"https:\\\/\\\/biopesaje.com\\\/\",\"name\":\"BIOPESAJE S.A.S.\",\"description\":\"Ingenier\u00eda de pesaje, metrolog\u00eda y laboratorio.\",\"publisher\":{\"@id\":\"https:\\\/\\\/biopesaje.com\\\/#organization\"},\"potentialAction\":[{\"@type\":\"SearchAction\",\"target\":{\"@type\":\"EntryPoint\",\"urlTemplate\":\"https:\\\/\\\/biopesaje.com\\\/?s={search_term_string}\"},\"query-input\":{\"@type\":\"PropertyValueSpecification\",\"valueRequired\":true,\"valueName\":\"search_term_string\"}}],\"inLanguage\":\"es-CO\"},{\"@type\":\"Organization\",\"@id\":\"https:\\\/\\\/biopesaje.com\\\/#organization\",\"name\":\"BIOPESAJE S.A.S.\",\"url\":\"https:\\\/\\\/biopesaje.com\\\/\",\"logo\":{\"@type\":\"ImageObject\",\"inLanguage\":\"es-CO\",\"@id\":\"https:\\\/\\\/biopesaje.com\\\/#\\\/schema\\\/logo\\\/image\\\/\",\"url\":\"\",\"contentUrl\":\"\",\"caption\":\"BIOPESAJE S.A.S.\"},\"image\":{\"@id\":\"https:\\\/\\\/biopesaje.com\\\/#\\\/schema\\\/logo\\\/image\\\/\"}}]}<\/script>\n<!-- \/ Yoast SEO plugin. -->","yoast_head_json":{"title":"SU80A controlador de pesaje - BIOPESAJE S.A.S.","description":"Biopesaje S.A.S cuenta con la mejor selecci\u00f3n de equipos en categor\u00edas como pesaje, procesamiento y empaque de la industria alimenticia. SU80A","robots":{"index":"index","follow":"follow","max-snippet":"max-snippet:-1","max-image-preview":"max-image-preview:large","max-video-preview":"max-video-preview:-1"},"canonical":"https:\/\/biopesaje.com\/index.php\/product\/controlador-de-pesaje-su80a\/","og_locale":"es_ES","og_type":"article","og_title":"SU80A controlador de pesaje - BIOPESAJE S.A.S.","og_description":"Biopesaje S.A.S cuenta con la mejor selecci\u00f3n de equipos en categor\u00edas como pesaje, procesamiento y empaque de la industria alimenticia. SU80A","og_url":"https:\/\/biopesaje.com\/index.php\/product\/controlador-de-pesaje-su80a\/","og_site_name":"BIOPESAJE S.A.S.","article_modified_time":"2025-03-12T14:08:31+00:00","og_image":[{"width":1600,"height":1249,"url":"https:\/\/biopesaje.com\/wp-content\/uploads\/2025\/03\/WhatsApp-Image-2025-03-11-at-3.01.34-PM-3.jpeg","type":"image\/jpeg"}],"twitter_card":"summary_large_image","twitter_misc":{"Tiempo de lectura":"2 minutos"},"schema":{"@context":"https:\/\/schema.org","@graph":[{"@type":"WebPage","@id":"https:\/\/biopesaje.com\/index.php\/product\/controlador-de-pesaje-su80a\/","url":"https:\/\/biopesaje.com\/index.php\/product\/controlador-de-pesaje-su80a\/","name":"SU80A controlador de pesaje - BIOPESAJE S.A.S.","isPartOf":{"@id":"https:\/\/biopesaje.com\/#website"},"primaryImageOfPage":{"@id":"https:\/\/biopesaje.com\/index.php\/product\/controlador-de-pesaje-su80a\/#primaryimage"},"image":{"@id":"https:\/\/biopesaje.com\/index.php\/product\/controlador-de-pesaje-su80a\/#primaryimage"},"thumbnailUrl":"https:\/\/biopesaje.com\/wp-content\/uploads\/2025\/03\/WhatsApp-Image-2025-03-11-at-3.01.34-PM-3.jpeg","datePublished":"2025-03-11T18:51:11+00:00","dateModified":"2025-03-12T14:08:31+00:00","description":"Biopesaje S.A.S cuenta con la mejor selecci\u00f3n de equipos en categor\u00edas como pesaje, procesamiento y empaque de la industria alimenticia. SU80A","breadcrumb":{"@id":"https:\/\/biopesaje.com\/index.php\/product\/controlador-de-pesaje-su80a\/#breadcrumb"},"inLanguage":"es-CO","potentialAction":[{"@type":"ReadAction","target":["https:\/\/biopesaje.com\/index.php\/product\/controlador-de-pesaje-su80a\/"]}]},{"@type":"ImageObject","inLanguage":"es-CO","@id":"https:\/\/biopesaje.com\/index.php\/product\/controlador-de-pesaje-su80a\/#primaryimage","url":"https:\/\/biopesaje.com\/wp-content\/uploads\/2025\/03\/WhatsApp-Image-2025-03-11-at-3.01.34-PM-3.jpeg","contentUrl":"https:\/\/biopesaje.com\/wp-content\/uploads\/2025\/03\/WhatsApp-Image-2025-03-11-at-3.01.34-PM-3.jpeg","width":1600,"height":1249,"caption":"SU80A"},{"@type":"BreadcrumbList","@id":"https:\/\/biopesaje.com\/index.php\/product\/controlador-de-pesaje-su80a\/#breadcrumb","itemListElement":[{"@type":"ListItem","position":1,"name":"Home","item":"https:\/\/biopesaje.com\/"},{"@type":"ListItem","position":2,"name":"Productos","item":"https:\/\/biopesaje.com\/index.php\/tienda\/"},{"@type":"ListItem","position":3,"name":"Controlador de peso SU80A"}]},{"@type":"WebSite","@id":"https:\/\/biopesaje.com\/#website","url":"https:\/\/biopesaje.com\/","name":"BIOPESAJE S.A.S.","description":"Ingenier\u00eda de pesaje, metrolog\u00eda y laboratorio.","publisher":{"@id":"https:\/\/biopesaje.com\/#organization"},"potentialAction":[{"@type":"SearchAction","target":{"@type":"EntryPoint","urlTemplate":"https:\/\/biopesaje.com\/?s={search_term_string}"},"query-input":{"@type":"PropertyValueSpecification","valueRequired":true,"valueName":"search_term_string"}}],"inLanguage":"es-CO"},{"@type":"Organization","@id":"https:\/\/biopesaje.com\/#organization","name":"BIOPESAJE S.A.S.","url":"https:\/\/biopesaje.com\/","logo":{"@type":"ImageObject","inLanguage":"es-CO","@id":"https:\/\/biopesaje.com\/#\/schema\/logo\/image\/","url":"","contentUrl":"","caption":"BIOPESAJE S.A.S."},"image":{"@id":"https:\/\/biopesaje.com\/#\/schema\/logo\/image\/"}}]}},"uagb_featured_image_src":{"full":["https:\/\/biopesaje.com\/wp-content\/uploads\/2025\/03\/WhatsApp-Image-2025-03-11-at-3.01.34-PM-3.jpeg",1600,1249,false],"thumbnail":["https:\/\/biopesaje.com\/wp-content\/uploads\/2025\/03\/WhatsApp-Image-2025-03-11-at-3.01.34-PM-3-150x150.jpeg",150,150,true],"medium":["https:\/\/biopesaje.com\/wp-content\/uploads\/2025\/03\/WhatsApp-Image-2025-03-11-at-3.01.34-PM-3-300x234.jpeg",300,234,true],"medium_large":["https:\/\/biopesaje.com\/wp-content\/uploads\/2025\/03\/WhatsApp-Image-2025-03-11-at-3.01.34-PM-3-768x600.jpeg",640,500,true],"large":["https:\/\/biopesaje.com\/wp-content\/uploads\/2025\/03\/WhatsApp-Image-2025-03-11-at-3.01.34-PM-3-1024x799.jpeg",640,499,true],"1536x1536":["https:\/\/biopesaje.com\/wp-content\/uploads\/2025\/03\/WhatsApp-Image-2025-03-11-at-3.01.34-PM-3-1536x1199.jpeg",1536,1199,true],"2048x2048":["https:\/\/biopesaje.com\/wp-content\/uploads\/2025\/03\/WhatsApp-Image-2025-03-11-at-3.01.34-PM-3.jpeg",1600,1249,false],"woocommerce_thumbnail":["https:\/\/biopesaje.com\/wp-content\/uploads\/2025\/03\/WhatsApp-Image-2025-03-11-at-3.01.34-PM-3-320x320.jpeg",320,320,true],"woocommerce_single":["https:\/\/biopesaje.com\/wp-content\/uploads\/2025\/03\/WhatsApp-Image-2025-03-11-at-3.01.34-PM-3.jpeg",1600,1249,false],"woocommerce_gallery_thumbnail":["https:\/\/biopesaje.com\/wp-content\/uploads\/2025\/03\/WhatsApp-Image-2025-03-11-at-3.01.34-PM-3-100x100.jpeg",100,100,true],"thaps-thumb-img":["https:\/\/biopesaje.com\/wp-content\/uploads\/2025\/03\/WhatsApp-Image-2025-03-11-at-3.01.34-PM-3-48x37.jpeg",48,37,true],"taiowc-thumb-img":["https:\/\/biopesaje.com\/wp-content\/uploads\/2025\/03\/WhatsApp-Image-2025-03-11-at-3.01.34-PM-3-48x37.jpeg",48,37,true]},"uagb_author_info":{"display_name":"Diego Martinez","author_link":"https:\/\/biopesaje.com\/index.php\/author\/"},"uagb_comment_info":0,"uagb_excerpt":"Controlador de Pesaje SU80A El Controlador de Pesaje SU80A es un dispositivo compacto y preciso dise\u00f1ado para mostrar el peso, controlar l\u00edmites de peso alto\/bajo y activar salidas de rel\u00e9. Cuenta con un CPU ARM de 32 bits para un procesamiento r\u00e1pido, una interfaz de celdas de carga con voltaje de excitaci\u00f3n de DC5V\/200mA y&hellip;","jetpack_sharing_enabled":true,"_links":{"self":[{"href":"https:\/\/biopesaje.com\/index.php\/wp-json\/wp\/v2\/product\/7120","targetHints":{"allow":["GET"]}}],"collection":[{"href":"https:\/\/biopesaje.com\/index.php\/wp-json\/wp\/v2\/product"}],"about":[{"href":"https:\/\/biopesaje.com\/index.php\/wp-json\/wp\/v2\/types\/product"}],"version-history":[{"count":10,"href":"https:\/\/biopesaje.com\/index.php\/wp-json\/wp\/v2\/product\/7120\/revisions"}],"predecessor-version":[{"id":7213,"href":"https:\/\/biopesaje.com\/index.php\/wp-json\/wp\/v2\/product\/7120\/revisions\/7213"}],"wp:featuredmedia":[{"embeddable":true,"href":"https:\/\/biopesaje.com\/index.php\/wp-json\/wp\/v2\/media\/7124"}],"wp:attachment":[{"href":"https:\/\/biopesaje.com\/index.php\/wp-json\/wp\/v2\/media?parent=7120"}],"wp:term":[{"taxonomy":"product_brand","embeddable":true,"href":"https:\/\/biopesaje.com\/index.php\/wp-json\/wp\/v2\/product_brand?post=7120"},{"taxonomy":"product_cat","embeddable":true,"href":"https:\/\/biopesaje.com\/index.php\/wp-json\/wp\/v2\/product_cat?post=7120"},{"taxonomy":"product_tag","embeddable":true,"href":"https:\/\/biopesaje.com\/index.php\/wp-json\/wp\/v2\/product_tag?post=7120"}],"curies":[{"name":"wp","href":"https:\/\/api.w.org\/{rel}","templated":true}]}}