{"id":7812,"date":"2025-04-04T13:16:06","date_gmt":"2025-04-04T13:16:06","guid":{"rendered":"https:\/\/biopesaje.com\/?post_type=product&#038;p=7812"},"modified":"2025-09-15T21:26:00","modified_gmt":"2025-09-15T21:26:00","slug":"etiquetadoras-automaticas-en-c-cls-4500","status":"publish","type":"product","link":"https:\/\/biopesaje.com\/index.php\/product\/etiquetadoras-automaticas-en-c-cls-4500\/","title":{"rendered":"Etiquetadoras Autom\u00e1ticas en C CLS-4500"},"content":{"rendered":"\t\t<div data-elementor-type=\"wp-post\" data-elementor-id=\"7812\" class=\"elementor elementor-7812\" data-elementor-post-type=\"product\">\n\t\t\t\t\t\t<section class=\"elementor-section elementor-top-section elementor-element elementor-element-5bd5cd50 elementor-section-boxed elementor-section-height-default elementor-section-height-default\" data-id=\"5bd5cd50\" data-element_type=\"section\" data-e-type=\"section\">\n\t\t\t\t\t\t<div class=\"elementor-container elementor-column-gap-default\">\n\t\t\t\t\t<div class=\"elementor-column elementor-col-100 elementor-top-column elementor-element elementor-element-5c718e4d\" data-id=\"5c718e4d\" data-element_type=\"column\" data-e-type=\"column\">\n\t\t\t<div class=\"elementor-widget-wrap elementor-element-populated\">\n\t\t\t\t\t\t<div class=\"elementor-element elementor-element-450ad1ec elementor-widget elementor-widget-text-editor\" data-id=\"450ad1ec\" data-element_type=\"widget\" data-e-type=\"widget\" data-widget_type=\"text-editor.default\">\n\t\t\t\t<div class=\"elementor-widget-container\">\n\t\t\t\t\t\t\t\t\t<section><p>La\u00a0<strong>etiquetadora autom\u00e1tica CLS-4500<\/strong>\u00a0de Dibal es una soluci\u00f3n avanzada dise\u00f1ada para l\u00edneas de producci\u00f3n exigentes. Con dimensiones reducidas, se integra f\u00e1cilmente en entornos ya existentes, optimizando el espacio sin sacrificar funcionalidad. Su dise\u00f1o modular permite cambios r\u00e1pidos de formato de bandejas, minimizando tiempos de parada y aumentando la productividad. Adem\u00e1s, ofrece la opci\u00f3n de ajuste motorizado de bandas para una configuraci\u00f3n a\u00fan m\u00e1s \u00e1gil.<\/p><h5><strong>\u00a0<\/strong><\/h5><h5><strong>Versatilidad y Cumplimiento Normativo<\/strong><\/h5><p><span style=\"font-size: 13px; font-style: normal; font-weight: 400; letter-spacing: 0.7px;\">Este equipo admite etiquetas de hasta\u00a0<\/span><strong style=\"font-size: 13px; font-style: normal; letter-spacing: 0.7px;\">340 mm de longitud<\/strong><span style=\"font-size: 13px; font-style: normal; font-weight: 400; letter-spacing: 0.7px;\">\u00a0y puede configurarse para aplicar etiquetas en posici\u00f3n\u00a0<\/span><strong style=\"font-size: 13px; font-style: normal; letter-spacing: 0.7px;\">superior, inferior o en &#8220;C&#8221;<\/strong><span style=\"font-size: 13px; font-style: normal; font-weight: 400; letter-spacing: 0.7px;\">, adapt\u00e1ndose a m\u00faltiples formatos de envases. Cumple con el\u00a0<\/span><strong style=\"font-size: 13px; font-style: normal; letter-spacing: 0.7px;\">Reglamento UE 1169\/2011<\/strong><span style=\"font-size: 13px; font-style: normal; font-weight: 400; letter-spacing: 0.7px;\">\u00a0sobre informaci\u00f3n alimentaria, garantizando trazabilidad y transparencia. Su capacidad de impresi\u00f3n incluye\u00a0<\/span><strong style=\"font-size: 13px; font-style: normal; letter-spacing: 0.7px;\">c\u00f3digos de barras (EAN, CODE 128, GS1 Datamatrix)<\/strong><span style=\"font-size: 13px; font-style: normal; font-weight: 400; letter-spacing: 0.7px;\">\u00a0y hasta\u00a0<\/span><strong style=\"font-size: 13px; font-style: normal; letter-spacing: 0.7px;\">30 textos libres por art\u00edculo<\/strong><span style=\"font-size: 13px; font-style: normal; font-weight: 400; letter-spacing: 0.7px;\">, ideal para sectores como alimentaci\u00f3n, cosm\u00e9tica y farmacia.<\/span><\/p><h5><strong>\u00a0<\/strong><\/h5><h5><strong>Tecnolog\u00eda de Impresi\u00f3n y Pesaje de Alta Precisi\u00f3n<\/strong><\/h5><p><span style=\"font-size: 13px; font-style: normal; font-weight: 400; letter-spacing: 0.7px;\">La CLS-4500 utiliza\u00a0<\/span><strong style=\"font-size: 13px; font-style: normal; letter-spacing: 0.7px;\">impresi\u00f3n t\u00e9rmica (transferencia t\u00e9rmica o t\u00e9rmica directa)<\/strong><span style=\"font-size: 13px; font-style: normal; font-weight: 400; letter-spacing: 0.7px;\">\u00a0con cabezales de larga duraci\u00f3n y resoluci\u00f3n de\u00a0<\/span><strong style=\"font-size: 13px; font-style: normal; letter-spacing: 0.7px;\">8 dots\/mm<\/strong><span style=\"font-size: 13px; font-style: normal; font-weight: 400; letter-spacing: 0.7px;\">. Alcanza velocidades de hasta\u00a0<\/span><strong style=\"font-size: 13px; font-style: normal; letter-spacing: 0.7px;\">406,4 mm\/s<\/strong><span style=\"font-size: 13px; font-style: normal; font-weight: 400; letter-spacing: 0.7px;\">, asegurando un etiquetado r\u00e1pido y n\u00edtido. Su sistema de pesaje din\u00e1mico o est\u00e1tico, con alcances de\u00a0<\/span><strong style=\"font-size: 13px; font-style: normal; letter-spacing: 0.7px;\">6 kg\/2 g o 10 kg\/5 g<\/strong><span style=\"font-size: 13px; font-style: normal; font-weight: 400; letter-spacing: 0.7px;\">, garantiza precisi\u00f3n en el etiquetado por peso, incluyendo funciones avanzadas como\u00a0<\/span><strong style=\"font-size: 13px; font-style: normal; letter-spacing: 0.7px;\">discriminaci\u00f3n por peso y etiquetado de totales en tres niveles<\/strong><span style=\"font-size: 13px; font-style: normal; font-weight: 400; letter-spacing: 0.7px;\">.<\/span><\/p><h5><strong>\u00a0<\/strong><\/h5><h5><strong>Robustez y Conectividad Inteligente<\/strong><\/h5><p><span style=\"font-size: 13px; font-style: normal; font-weight: 400; letter-spacing: 0.7px;\">Fabricada en\u00a0<\/span><strong style=\"font-size: 13px; font-style: normal; letter-spacing: 0.7px;\">acero inoxidable AISI 304 y aluminio anodizado<\/strong><span style=\"font-size: 13px; font-style: normal; font-weight: 400; letter-spacing: 0.7px;\">, resiste entornos h\u00famedos y exigentes. Incluye bandas de\u00a0<\/span><strong style=\"font-size: 13px; font-style: normal; letter-spacing: 0.7px;\">poliuretano FDA<\/strong><span style=\"font-size: 13px; font-style: normal; font-weight: 400; letter-spacing: 0.7px;\">\u00a0para contacto alimentario y una consola con\u00a0<\/span><strong style=\"font-size: 13px; font-style: normal; letter-spacing: 0.7px;\">teclado QWERTY y pantalla LCD retroiluminada<\/strong><span style=\"font-size: 13px; font-style: normal; font-weight: 400; letter-spacing: 0.7px;\">.<\/span><\/p><p>En cuanto a conectividad, dispone de\u00a0<strong>Ethernet TCP\/IP<\/strong>\u00a0y software especializado (<strong>DIS y DLD<\/strong>) para dise\u00f1o de etiquetas y gesti\u00f3n remota. Con un consumo energ\u00e9tico eficiente (<strong>1,25 kW<\/strong>) y alimentaci\u00f3n por aire comprimido, la CLS-4500 es la elecci\u00f3n perfecta para empresas que buscan\u00a0<strong>automatizaci\u00f3n, cumplimiento legal y m\u00e1xima eficiencia<\/strong>.<\/p><p>Ideal para\u00a0<strong>optimizar procesos, reducir errores y mejorar la trazabilidad<\/strong>\u00a0en l\u00edneas de producci\u00f3n industriales.<\/p><h5>\u00a0<\/h5><\/section>\t\t\t\t\t\t\t\t<\/div>\n\t\t\t\t<\/div>\n\t\t\t\t\t<\/div>\n\t\t<\/div>\n\t\t\t\t\t<\/div>\n\t\t<\/section>\n\t\t\t\t<section class=\"elementor-section elementor-top-section elementor-element elementor-element-141e5d4 elementor-section-boxed elementor-section-height-default elementor-section-height-default\" data-id=\"141e5d4\" data-element_type=\"section\" data-e-type=\"section\">\n\t\t\t\t\t\t<div class=\"elementor-container elementor-column-gap-default\">\n\t\t\t\t\t<div class=\"elementor-column elementor-col-100 elementor-top-column elementor-element elementor-element-9ed7bb7\" data-id=\"9ed7bb7\" data-element_type=\"column\" data-e-type=\"column\">\n\t\t\t<div class=\"elementor-widget-wrap elementor-element-populated\">\n\t\t\t\t\t\t<div class=\"elementor-element elementor-element-d89946a elementor-widget elementor-widget-heading\" data-id=\"d89946a\" data-element_type=\"widget\" data-e-type=\"widget\" data-widget_type=\"heading.default\">\n\t\t\t\t<div class=\"elementor-widget-container\">\n\t\t\t\t\t<h3 class=\"elementor-heading-title elementor-size-default\">Documentaci\u00f3n<\/h3>\t\t\t\t<\/div>\n\t\t\t\t<\/div>\n\t\t\t\t<div class=\"elementor-element elementor-element-a53f83c elementor-widget elementor-widget-eael-adv-accordion\" data-id=\"a53f83c\" data-element_type=\"widget\" data-e-type=\"widget\" data-widget_type=\"eael-adv-accordion.default\">\n\t\t\t\t<div class=\"elementor-widget-container\">\n\t\t\t\t\t            <div class=\"eael-adv-accordion\" id=\"eael-adv-accordion-a53f83c\" data-scroll-on-click=\"no\" data-scroll-speed=\"300\" data-accordion-id=\"a53f83c\" data-accordion-type=\"accordion\" data-toogle-speed=\"300\">\n            <div class=\"eael-accordion-list\">\n\t\t\t\t\t<div id=\"documentos\" class=\"elementor-tab-title eael-accordion-header\" tabindex=\"0\" data-tab=\"1\" aria-controls=\"elementor-tab-content-1731\"><span class=\"eael-advanced-accordion-icon-closed\"><i aria-hidden=\"true\" class=\"fa-accordion-icon far fa-file-pdf\"><\/i><\/span><span class=\"eael-advanced-accordion-icon-opened\"><i aria-hidden=\"true\" class=\"fa-accordion-icon fas fa-minus\"><\/i><\/span><span class=\"eael-accordion-tab-title\">Documentos<\/span><\/div><div id=\"elementor-tab-content-1731\" class=\"eael-accordion-content clearfix\" data-tab=\"1\" aria-labelledby=\"documentos\"><p><img decoding=\"async\" class=\"wp-image-2526 alignnone\" src=\"https:\/\/biopesaje.com\/wp-content\/uploads\/2022\/02\/391px-PDF_file_icon.svg.png\" alt=\"\" width=\"30\" height=\"37\" srcset=\"https:\/\/biopesaje.com\/wp-content\/uploads\/2022\/02\/391px-PDF_file_icon.svg.png 391w, https:\/\/biopesaje.com\/wp-content\/uploads\/2022\/02\/391px-PDF_file_icon.svg-300x368.png 300w, https:\/\/biopesaje.com\/wp-content\/uploads\/2022\/02\/391px-PDF_file_icon.svg-244x300.png 244w, https:\/\/biopesaje.com\/wp-content\/uploads\/2022\/02\/391px-PDF_file_icon.svg-48x59.png 48w\" sizes=\"(max-width: 30px) 100vw, 30px\" \/> Catalogo Etiquetadoras Autom\u00e1ticas C CLS-4500<\/p><div class=\"woocommerce-notices-wrapper\">\u00a0<\/div><p><img decoding=\"async\" class=\"wp-image-2526 alignnone\" src=\"https:\/\/biopesaje.com\/wp-content\/uploads\/2022\/02\/391px-PDF_file_icon.svg.png\" alt=\"\" width=\"30\" height=\"37\" srcset=\"https:\/\/biopesaje.com\/wp-content\/uploads\/2022\/02\/391px-PDF_file_icon.svg.png 391w, https:\/\/biopesaje.com\/wp-content\/uploads\/2022\/02\/391px-PDF_file_icon.svg-300x368.png 300w, https:\/\/biopesaje.com\/wp-content\/uploads\/2022\/02\/391px-PDF_file_icon.svg-244x300.png 244w, https:\/\/biopesaje.com\/wp-content\/uploads\/2022\/02\/391px-PDF_file_icon.svg-48x59.png 48w\" sizes=\"(max-width: 30px) 100vw, 30px\" \/>Manual Etiquetadoras Autom\u00e1ticas C CLS-4500<\/p><div class=\"woocommerce-notices-wrapper\">\u00a0<\/div><div id=\"product-7726\" class=\"thunk-woo-product-list opn-qv-enable top-store-woo-hover-none top-store-single-product-tab-horizontal top-store-shadow- top-store-shadow-hover- product type-product post-7726 status-publish first instock product_cat-etiquetadoras-manuales product_cat-mescladores product_cat-pesaje-y-etiquetado product_cat-soluciones-de-pesaje-industrial taxable shipping-taxable product-type-simple\"><div class=\"thunk-single-product-summary-wrap\"><div class=\"woocommerce-product-gallery woocommerce-product-gallery--without-images woocommerce-product-gallery--columns-4 images\"><div class=\"woocommerce-product-gallery__wrapper\">\u00a0<\/div><\/div><\/div><\/div><\/div>\n\t\t\t\t\t<\/div><\/div>\t\t\t\t<\/div>\n\t\t\t\t<\/div>\n\t\t\t\t\t<\/div>\n\t\t<\/div>\n\t\t\t\t\t<\/div>\n\t\t<\/section>\n\t\t\t\t<section class=\"elementor-section elementor-top-section elementor-element elementor-element-5e521e2 elementor-section-boxed elementor-section-height-default elementor-section-height-default\" data-id=\"5e521e2\" data-element_type=\"section\" data-e-type=\"section\">\n\t\t\t\t\t\t<div class=\"elementor-container elementor-column-gap-default\">\n\t\t\t\t\t<div class=\"elementor-column elementor-col-100 elementor-top-column elementor-element elementor-element-8a4e6b4\" data-id=\"8a4e6b4\" data-element_type=\"column\" data-e-type=\"column\">\n\t\t\t<div class=\"elementor-widget-wrap elementor-element-populated\">\n\t\t\t\t\t\t\t<\/div>\n\t\t<\/div>\n\t\t\t\t\t<\/div>\n\t\t<\/section>\n\t\t\t\t<\/div>\n\t\t","protected":false},"excerpt":{"rendered":"<p>La etiquetadora autom\u00e1tica\u00a0<strong>CLS-4500<\/strong>\u00a0de Dibal es una soluci\u00f3n avanzada para el etiquetado preciso y eficiente en entornos industriales y comerciales. Dise\u00f1ada para adaptarse a diferentes formatos de envases, cuenta con un sistema de impresi\u00f3n t\u00e9rmica de alta velocidad y precisi\u00f3n, garantizando etiquetas legibles y duraderas. Su estructura robusta y f\u00e1cil configuraci\u00f3n la hacen ideal para l\u00edneas de producci\u00f3n exigentes. Con opciones de personalizaci\u00f3n y conectividad integrada, la CLS-4500 mejora la productividad y la trazabilidad, cumpliendo con los est\u00e1ndares de calidad y normativas vigentes. Perfecta para alimentaci\u00f3n, cosm\u00e9tica y farmacia.<\/p>\n","protected":false},"featured_media":10187,"template":"","meta":{"_uag_custom_page_level_css":"","_joinchat":[]},"product_brand":[],"product_cat":[165,163,140],"product_tag":[],"class_list":{"0":"post-7812","1":"product","2":"type-product","3":"status-publish","4":"has-post-thumbnail","6":"product_cat-etiquetadoras-automaticas","7":"product_cat-pesaje-y-etiquetado","8":"product_cat-soluciones-de-pesaje-industrial","9":"thunk-woo-product-list","10":"opn-qv-enable","11":"top-store-woo-hover-none","12":"top-store-single-product-tab-horizontal","13":"top-store-shadow-","14":"top-store-shadow-hover-","16":"first","17":"instock","18":"taxable","19":"shipping-taxable","20":"product-type-simple"},"yoast_head":"<!-- This site is optimized with the Yoast SEO plugin v27.4 - https:\/\/yoast.com\/product\/yoast-seo-wordpress\/ -->\n<title>C CLS-4500 Etiquetadoras Autom\u00e1ticas - BIOPESAJE S.A.S.<\/title>\n<meta name=\"description\" content=\"Biopesaje S.A.S cuenta con la mejor selecci\u00f3n de equipos en categor\u00edas como pesaje procesamiento y empaque de la industria alimenticia. C CLS-4500\" \/>\n<meta name=\"robots\" content=\"index, follow, max-snippet:-1, max-image-preview:large, max-video-preview:-1\" \/>\n<link rel=\"canonical\" href=\"https:\/\/biopesaje.com\/index.php\/product\/etiquetadoras-automaticas-en-c-cls-4500\/\" \/>\n<meta property=\"og:locale\" content=\"es_ES\" \/>\n<meta property=\"og:type\" content=\"article\" \/>\n<meta property=\"og:title\" content=\"C CLS-4500 Etiquetadoras Autom\u00e1ticas - BIOPESAJE S.A.S.\" \/>\n<meta property=\"og:description\" content=\"Biopesaje S.A.S cuenta con la mejor selecci\u00f3n de equipos en categor\u00edas como pesaje procesamiento y empaque de la industria alimenticia. C CLS-4500\" \/>\n<meta property=\"og:url\" content=\"https:\/\/biopesaje.com\/index.php\/product\/etiquetadoras-automaticas-en-c-cls-4500\/\" \/>\n<meta property=\"og:site_name\" content=\"BIOPESAJE S.A.S.\" \/>\n<meta property=\"article:modified_time\" content=\"2025-09-15T21:26:00+00:00\" \/>\n<meta property=\"og:image\" content=\"https:\/\/biopesaje.com\/wp-content\/uploads\/2025\/04\/Etiquetadoras-Automaticas-en-C-CLS-4500-3-1.png\" \/>\n\t<meta property=\"og:image:width\" content=\"650\" \/>\n\t<meta property=\"og:image:height\" content=\"650\" \/>\n\t<meta property=\"og:image:type\" content=\"image\/png\" \/>\n<meta name=\"twitter:card\" content=\"summary_large_image\" \/>\n<meta name=\"twitter:label1\" content=\"Tiempo de lectura\" \/>\n\t<meta name=\"twitter:data1\" content=\"3 minutos\" \/>\n<script type=\"application\/ld+json\" class=\"yoast-schema-graph\">{\"@context\":\"https:\\\/\\\/schema.org\",\"@graph\":[{\"@type\":\"WebPage\",\"@id\":\"https:\\\/\\\/biopesaje.com\\\/index.php\\\/product\\\/etiquetadoras-automaticas-en-c-cls-4500\\\/\",\"url\":\"https:\\\/\\\/biopesaje.com\\\/index.php\\\/product\\\/etiquetadoras-automaticas-en-c-cls-4500\\\/\",\"name\":\"C CLS-4500 Etiquetadoras Autom\u00e1ticas - BIOPESAJE S.A.S.\",\"isPartOf\":{\"@id\":\"https:\\\/\\\/biopesaje.com\\\/#website\"},\"primaryImageOfPage\":{\"@id\":\"https:\\\/\\\/biopesaje.com\\\/index.php\\\/product\\\/etiquetadoras-automaticas-en-c-cls-4500\\\/#primaryimage\"},\"image\":{\"@id\":\"https:\\\/\\\/biopesaje.com\\\/index.php\\\/product\\\/etiquetadoras-automaticas-en-c-cls-4500\\\/#primaryimage\"},\"thumbnailUrl\":\"https:\\\/\\\/biopesaje.com\\\/wp-content\\\/uploads\\\/2025\\\/04\\\/Etiquetadoras-Automaticas-en-C-CLS-4500-3-1.png\",\"datePublished\":\"2025-04-04T13:16:06+00:00\",\"dateModified\":\"2025-09-15T21:26:00+00:00\",\"description\":\"Biopesaje S.A.S cuenta con la mejor selecci\u00f3n de equipos en categor\u00edas como pesaje procesamiento y empaque de la industria alimenticia. C CLS-4500\",\"breadcrumb\":{\"@id\":\"https:\\\/\\\/biopesaje.com\\\/index.php\\\/product\\\/etiquetadoras-automaticas-en-c-cls-4500\\\/#breadcrumb\"},\"inLanguage\":\"es-CO\",\"potentialAction\":[{\"@type\":\"ReadAction\",\"target\":[\"https:\\\/\\\/biopesaje.com\\\/index.php\\\/product\\\/etiquetadoras-automaticas-en-c-cls-4500\\\/\"]}]},{\"@type\":\"ImageObject\",\"inLanguage\":\"es-CO\",\"@id\":\"https:\\\/\\\/biopesaje.com\\\/index.php\\\/product\\\/etiquetadoras-automaticas-en-c-cls-4500\\\/#primaryimage\",\"url\":\"https:\\\/\\\/biopesaje.com\\\/wp-content\\\/uploads\\\/2025\\\/04\\\/Etiquetadoras-Automaticas-en-C-CLS-4500-3-1.png\",\"contentUrl\":\"https:\\\/\\\/biopesaje.com\\\/wp-content\\\/uploads\\\/2025\\\/04\\\/Etiquetadoras-Automaticas-en-C-CLS-4500-3-1.png\",\"width\":650,\"height\":650},{\"@type\":\"BreadcrumbList\",\"@id\":\"https:\\\/\\\/biopesaje.com\\\/index.php\\\/product\\\/etiquetadoras-automaticas-en-c-cls-4500\\\/#breadcrumb\",\"itemListElement\":[{\"@type\":\"ListItem\",\"position\":1,\"name\":\"Home\",\"item\":\"https:\\\/\\\/biopesaje.com\\\/\"},{\"@type\":\"ListItem\",\"position\":2,\"name\":\"Productos\",\"item\":\"https:\\\/\\\/biopesaje.com\\\/index.php\\\/tienda\\\/\"},{\"@type\":\"ListItem\",\"position\":3,\"name\":\"Etiquetadoras Autom\u00e1ticas en C CLS-4500\"}]},{\"@type\":\"WebSite\",\"@id\":\"https:\\\/\\\/biopesaje.com\\\/#website\",\"url\":\"https:\\\/\\\/biopesaje.com\\\/\",\"name\":\"BIOPESAJE S.A.S.\",\"description\":\"Ingenier\u00eda de pesaje, metrolog\u00eda y laboratorio.\",\"publisher\":{\"@id\":\"https:\\\/\\\/biopesaje.com\\\/#organization\"},\"potentialAction\":[{\"@type\":\"SearchAction\",\"target\":{\"@type\":\"EntryPoint\",\"urlTemplate\":\"https:\\\/\\\/biopesaje.com\\\/?s={search_term_string}\"},\"query-input\":{\"@type\":\"PropertyValueSpecification\",\"valueRequired\":true,\"valueName\":\"search_term_string\"}}],\"inLanguage\":\"es-CO\"},{\"@type\":\"Organization\",\"@id\":\"https:\\\/\\\/biopesaje.com\\\/#organization\",\"name\":\"BIOPESAJE S.A.S.\",\"url\":\"https:\\\/\\\/biopesaje.com\\\/\",\"logo\":{\"@type\":\"ImageObject\",\"inLanguage\":\"es-CO\",\"@id\":\"https:\\\/\\\/biopesaje.com\\\/#\\\/schema\\\/logo\\\/image\\\/\",\"url\":\"\",\"contentUrl\":\"\",\"caption\":\"BIOPESAJE S.A.S.\"},\"image\":{\"@id\":\"https:\\\/\\\/biopesaje.com\\\/#\\\/schema\\\/logo\\\/image\\\/\"}}]}<\/script>\n<!-- \/ Yoast SEO plugin. -->","yoast_head_json":{"title":"C CLS-4500 Etiquetadoras Autom\u00e1ticas - BIOPESAJE S.A.S.","description":"Biopesaje S.A.S cuenta con la mejor selecci\u00f3n de equipos en categor\u00edas como pesaje procesamiento y empaque de la industria alimenticia. C CLS-4500","robots":{"index":"index","follow":"follow","max-snippet":"max-snippet:-1","max-image-preview":"max-image-preview:large","max-video-preview":"max-video-preview:-1"},"canonical":"https:\/\/biopesaje.com\/index.php\/product\/etiquetadoras-automaticas-en-c-cls-4500\/","og_locale":"es_ES","og_type":"article","og_title":"C CLS-4500 Etiquetadoras Autom\u00e1ticas - BIOPESAJE S.A.S.","og_description":"Biopesaje S.A.S cuenta con la mejor selecci\u00f3n de equipos en categor\u00edas como pesaje procesamiento y empaque de la industria alimenticia. C CLS-4500","og_url":"https:\/\/biopesaje.com\/index.php\/product\/etiquetadoras-automaticas-en-c-cls-4500\/","og_site_name":"BIOPESAJE S.A.S.","article_modified_time":"2025-09-15T21:26:00+00:00","og_image":[{"width":650,"height":650,"url":"https:\/\/biopesaje.com\/wp-content\/uploads\/2025\/04\/Etiquetadoras-Automaticas-en-C-CLS-4500-3-1.png","type":"image\/png"}],"twitter_card":"summary_large_image","twitter_misc":{"Tiempo de lectura":"3 minutos"},"schema":{"@context":"https:\/\/schema.org","@graph":[{"@type":"WebPage","@id":"https:\/\/biopesaje.com\/index.php\/product\/etiquetadoras-automaticas-en-c-cls-4500\/","url":"https:\/\/biopesaje.com\/index.php\/product\/etiquetadoras-automaticas-en-c-cls-4500\/","name":"C CLS-4500 Etiquetadoras Autom\u00e1ticas - BIOPESAJE S.A.S.","isPartOf":{"@id":"https:\/\/biopesaje.com\/#website"},"primaryImageOfPage":{"@id":"https:\/\/biopesaje.com\/index.php\/product\/etiquetadoras-automaticas-en-c-cls-4500\/#primaryimage"},"image":{"@id":"https:\/\/biopesaje.com\/index.php\/product\/etiquetadoras-automaticas-en-c-cls-4500\/#primaryimage"},"thumbnailUrl":"https:\/\/biopesaje.com\/wp-content\/uploads\/2025\/04\/Etiquetadoras-Automaticas-en-C-CLS-4500-3-1.png","datePublished":"2025-04-04T13:16:06+00:00","dateModified":"2025-09-15T21:26:00+00:00","description":"Biopesaje S.A.S cuenta con la mejor selecci\u00f3n de equipos en categor\u00edas como pesaje procesamiento y empaque de la industria alimenticia. C CLS-4500","breadcrumb":{"@id":"https:\/\/biopesaje.com\/index.php\/product\/etiquetadoras-automaticas-en-c-cls-4500\/#breadcrumb"},"inLanguage":"es-CO","potentialAction":[{"@type":"ReadAction","target":["https:\/\/biopesaje.com\/index.php\/product\/etiquetadoras-automaticas-en-c-cls-4500\/"]}]},{"@type":"ImageObject","inLanguage":"es-CO","@id":"https:\/\/biopesaje.com\/index.php\/product\/etiquetadoras-automaticas-en-c-cls-4500\/#primaryimage","url":"https:\/\/biopesaje.com\/wp-content\/uploads\/2025\/04\/Etiquetadoras-Automaticas-en-C-CLS-4500-3-1.png","contentUrl":"https:\/\/biopesaje.com\/wp-content\/uploads\/2025\/04\/Etiquetadoras-Automaticas-en-C-CLS-4500-3-1.png","width":650,"height":650},{"@type":"BreadcrumbList","@id":"https:\/\/biopesaje.com\/index.php\/product\/etiquetadoras-automaticas-en-c-cls-4500\/#breadcrumb","itemListElement":[{"@type":"ListItem","position":1,"name":"Home","item":"https:\/\/biopesaje.com\/"},{"@type":"ListItem","position":2,"name":"Productos","item":"https:\/\/biopesaje.com\/index.php\/tienda\/"},{"@type":"ListItem","position":3,"name":"Etiquetadoras Autom\u00e1ticas en C CLS-4500"}]},{"@type":"WebSite","@id":"https:\/\/biopesaje.com\/#website","url":"https:\/\/biopesaje.com\/","name":"BIOPESAJE S.A.S.","description":"Ingenier\u00eda de pesaje, metrolog\u00eda y laboratorio.","publisher":{"@id":"https:\/\/biopesaje.com\/#organization"},"potentialAction":[{"@type":"SearchAction","target":{"@type":"EntryPoint","urlTemplate":"https:\/\/biopesaje.com\/?s={search_term_string}"},"query-input":{"@type":"PropertyValueSpecification","valueRequired":true,"valueName":"search_term_string"}}],"inLanguage":"es-CO"},{"@type":"Organization","@id":"https:\/\/biopesaje.com\/#organization","name":"BIOPESAJE S.A.S.","url":"https:\/\/biopesaje.com\/","logo":{"@type":"ImageObject","inLanguage":"es-CO","@id":"https:\/\/biopesaje.com\/#\/schema\/logo\/image\/","url":"","contentUrl":"","caption":"BIOPESAJE S.A.S."},"image":{"@id":"https:\/\/biopesaje.com\/#\/schema\/logo\/image\/"}}]}},"uagb_featured_image_src":{"full":["https:\/\/biopesaje.com\/wp-content\/uploads\/2025\/04\/Etiquetadoras-Automaticas-en-C-CLS-4500-3-1.png",650,650,false],"thumbnail":["https:\/\/biopesaje.com\/wp-content\/uploads\/2025\/04\/Etiquetadoras-Automaticas-en-C-CLS-4500-3-1-150x150.png",150,150,true],"medium":["https:\/\/biopesaje.com\/wp-content\/uploads\/2025\/04\/Etiquetadoras-Automaticas-en-C-CLS-4500-3-1-300x300.png",300,300,true],"medium_large":["https:\/\/biopesaje.com\/wp-content\/uploads\/2025\/04\/Etiquetadoras-Automaticas-en-C-CLS-4500-3-1.png",640,640,false],"large":["https:\/\/biopesaje.com\/wp-content\/uploads\/2025\/04\/Etiquetadoras-Automaticas-en-C-CLS-4500-3-1.png",640,640,false],"1536x1536":["https:\/\/biopesaje.com\/wp-content\/uploads\/2025\/04\/Etiquetadoras-Automaticas-en-C-CLS-4500-3-1.png",650,650,false],"2048x2048":["https:\/\/biopesaje.com\/wp-content\/uploads\/2025\/04\/Etiquetadoras-Automaticas-en-C-CLS-4500-3-1.png",650,650,false],"woocommerce_thumbnail":["https:\/\/biopesaje.com\/wp-content\/uploads\/2025\/04\/Etiquetadoras-Automaticas-en-C-CLS-4500-3-1-320x320.png",320,320,true],"woocommerce_single":["https:\/\/biopesaje.com\/wp-content\/uploads\/2025\/04\/Etiquetadoras-Automaticas-en-C-CLS-4500-3-1.png",650,650,false],"woocommerce_gallery_thumbnail":["https:\/\/biopesaje.com\/wp-content\/uploads\/2025\/04\/Etiquetadoras-Automaticas-en-C-CLS-4500-3-1-100x100.png",100,100,true],"thaps-thumb-img":["https:\/\/biopesaje.com\/wp-content\/uploads\/2025\/04\/Etiquetadoras-Automaticas-en-C-CLS-4500-3-1-48x48.png",48,48,true],"taiowc-thumb-img":["https:\/\/biopesaje.com\/wp-content\/uploads\/2025\/04\/Etiquetadoras-Automaticas-en-C-CLS-4500-3-1-48x48.png",48,48,true]},"uagb_author_info":{"display_name":"Diego Martinez","author_link":"https:\/\/biopesaje.com\/index.php\/author\/"},"uagb_comment_info":0,"uagb_excerpt":"La etiquetadora autom\u00e1tica\u00a0CLS-4500\u00a0de Dibal es una soluci\u00f3n avanzada para el etiquetado preciso y eficiente en entornos industriales y comerciales. Dise\u00f1ada para adaptarse a diferentes formatos de envases, cuenta con un sistema de impresi\u00f3n t\u00e9rmica de alta velocidad y precisi\u00f3n, garantizando etiquetas legibles y duraderas. Su estructura robusta y f\u00e1cil configuraci\u00f3n la hacen ideal para l\u00edneas&hellip;","jetpack_sharing_enabled":true,"_links":{"self":[{"href":"https:\/\/biopesaje.com\/index.php\/wp-json\/wp\/v2\/product\/7812","targetHints":{"allow":["GET"]}}],"collection":[{"href":"https:\/\/biopesaje.com\/index.php\/wp-json\/wp\/v2\/product"}],"about":[{"href":"https:\/\/biopesaje.com\/index.php\/wp-json\/wp\/v2\/types\/product"}],"version-history":[{"count":5,"href":"https:\/\/biopesaje.com\/index.php\/wp-json\/wp\/v2\/product\/7812\/revisions"}],"predecessor-version":[{"id":10188,"href":"https:\/\/biopesaje.com\/index.php\/wp-json\/wp\/v2\/product\/7812\/revisions\/10188"}],"wp:featuredmedia":[{"embeddable":true,"href":"https:\/\/biopesaje.com\/index.php\/wp-json\/wp\/v2\/media\/10187"}],"wp:attachment":[{"href":"https:\/\/biopesaje.com\/index.php\/wp-json\/wp\/v2\/media?parent=7812"}],"wp:term":[{"taxonomy":"product_brand","embeddable":true,"href":"https:\/\/biopesaje.com\/index.php\/wp-json\/wp\/v2\/product_brand?post=7812"},{"taxonomy":"product_cat","embeddable":true,"href":"https:\/\/biopesaje.com\/index.php\/wp-json\/wp\/v2\/product_cat?post=7812"},{"taxonomy":"product_tag","embeddable":true,"href":"https:\/\/biopesaje.com\/index.php\/wp-json\/wp\/v2\/product_tag?post=7812"}],"curies":[{"name":"wp","href":"https:\/\/api.w.org\/{rel}","templated":true}]}}