{"id":8583,"date":"2025-04-29T19:20:31","date_gmt":"2025-04-29T19:20:31","guid":{"rendered":"https:\/\/biopesaje.com\/?post_type=product&#038;p=8583"},"modified":"2025-09-08T15:40:58","modified_gmt":"2025-09-08T15:40:58","slug":"plataforma-bajo-perfil-con-rampa","status":"publish","type":"product","link":"https:\/\/biopesaje.com\/index.php\/product\/plataforma-bajo-perfil-con-rampa\/","title":{"rendered":"Plataforma bajo perfil con rampa"},"content":{"rendered":"\t\t<div data-elementor-type=\"wp-post\" data-elementor-id=\"8583\" class=\"elementor elementor-8583\" data-elementor-post-type=\"product\">\n\t\t\t\t\t\t<section class=\"elementor-section elementor-top-section elementor-element elementor-element-5bd5cd50 elementor-section-boxed elementor-section-height-default elementor-section-height-default\" data-id=\"5bd5cd50\" data-element_type=\"section\" data-e-type=\"section\">\n\t\t\t\t\t\t<div class=\"elementor-container elementor-column-gap-default\">\n\t\t\t\t\t<div class=\"elementor-column elementor-col-100 elementor-top-column elementor-element elementor-element-5c718e4d\" data-id=\"5c718e4d\" data-element_type=\"column\" data-e-type=\"column\">\n\t\t\t<div class=\"elementor-widget-wrap elementor-element-populated\">\n\t\t\t\t\t\t<div class=\"elementor-element elementor-element-450ad1ec elementor-widget elementor-widget-text-editor\" data-id=\"450ad1ec\" data-element_type=\"widget\" data-e-type=\"widget\" data-widget_type=\"text-editor.default\">\n\t\t\t\t<div class=\"elementor-widget-container\">\n\t\t\t\t\t\t\t\t\t<p class=\"ds-markdown-paragraph\">En el \u00e1mbito industrial, contar con equipos de pesaje precisos y duraderos es clave para optimizar procesos log\u00edsticos y de control de carga. <strong>La Plataforma bajo perfil con rampa<\/strong>,\u00a0 destaca por su <strong>robustez, exactitud y dise\u00f1o funcional<\/strong>, ideal para entornos de alto rendimiento.<\/p><p class=\"ds-markdown-paragraph\">Fabricada con una\u00a0<strong>estructura tubular en acero inoxidable<\/strong>\u00a0y una\u00a0<strong>superficie en l\u00e1mina alfajor de 4.9 mm con pintura electrost\u00e1tica<\/strong>, esta b\u00e1scula garantiza resistencia a impactos, humedad y corrosi\u00f3n. Est\u00e1 disponible en dos versiones:\u00a0<strong>1&#215;1 m (capacidad 2,000 kg)<\/strong>\u00a0y\u00a0<strong>1.2&#215;1.2 m (3,000 kg)<\/strong>, ambas con\u00a0<strong>4 celdas tipo shear beam de alta precisi\u00f3n (3.0 mV\/V \u00b10.03%)<\/strong>, lo que asegura mediciones confiables incluso en condiciones de uso intensivo.<\/p><p class=\"ds-markdown-paragraph\">Un diferencial clave es su\u00a0<strong>doble rampa lateral<\/strong>, que facilita el desplazamiento de cargas con montacargas o estibadores, reduciendo riesgos operativos. El <strong>indicador LED de 6 d\u00edgitos<\/strong>\u00a0(con carcasa en acero inoxidable) permite lecturas claras en cualquier ambiente, mientras que su\u00a0<strong>protecci\u00f3n IP65<\/strong>\u00a0la hace resistente a polvo y salpicaduras. Adem\u00e1s, cuenta con\u00a0<strong>teclado de 5 botones<\/strong>\u00a0para ajustes r\u00e1pidos y\u00a0<strong>bater\u00eda recargable de respaldo<\/strong>, asegurando continuidad en operaciones cr\u00edticas.<\/p><p class=\"ds-markdown-paragraph\">Su\u00a0<strong>caja de empalme en acero inoxidable<\/strong>\u00a0y\u00a0<strong>cable blindado anti-roedores<\/strong>\u00a0protegen los componentes el\u00e9ctricos, prolongando su vida \u00fatil. Con\u00a0<strong>clase de exactitud III<\/strong>\u00a0y\u00a0<strong>rango de temperatura de operaci\u00f3n entre -10\u00b0C y +40\u00b0C<\/strong>, esta b\u00e1scula es ideal para almacenes, centros de distribuci\u00f3n y f\u00e1bricas que requieren\u00a0<strong>pesaje eficiente y sin errores<\/strong>.<\/p>\t\t\t\t\t\t\t\t<\/div>\n\t\t\t\t<\/div>\n\t\t\t\t\t<\/div>\n\t\t<\/div>\n\t\t\t\t\t<\/div>\n\t\t<\/section>\n\t\t\t\t<section class=\"elementor-section elementor-top-section elementor-element elementor-element-d1c64c4 elementor-section-boxed elementor-section-height-default elementor-section-height-default\" data-id=\"d1c64c4\" data-element_type=\"section\" data-e-type=\"section\">\n\t\t\t\t\t\t<div class=\"elementor-container elementor-column-gap-default\">\n\t\t\t\t\t<div class=\"elementor-column elementor-col-100 elementor-top-column elementor-element elementor-element-81dcb8e\" data-id=\"81dcb8e\" data-element_type=\"column\" data-e-type=\"column\">\n\t\t\t<div class=\"elementor-widget-wrap elementor-element-populated\">\n\t\t\t\t\t\t<div class=\"elementor-element elementor-element-b4b261c elementor-widget elementor-widget-heading\" data-id=\"b4b261c\" data-element_type=\"widget\" data-e-type=\"widget\" data-widget_type=\"heading.default\">\n\t\t\t\t<div class=\"elementor-widget-container\">\n\t\t\t\t\t<h3 class=\"elementor-heading-title elementor-size-default\">Documentaci\u00f3n<\/h3>\t\t\t\t<\/div>\n\t\t\t\t<\/div>\n\t\t\t\t<div class=\"elementor-element elementor-element-ec3045b elementor-widget elementor-widget-eael-adv-accordion\" data-id=\"ec3045b\" data-element_type=\"widget\" data-e-type=\"widget\" data-widget_type=\"eael-adv-accordion.default\">\n\t\t\t\t<div class=\"elementor-widget-container\">\n\t\t\t\t\t            <div class=\"eael-adv-accordion\" id=\"eael-adv-accordion-ec3045b\" data-scroll-on-click=\"no\" data-scroll-speed=\"300\" data-accordion-id=\"ec3045b\" data-accordion-type=\"accordion\" data-toogle-speed=\"300\">\n            <div class=\"eael-accordion-list\">\n\t\t\t\t\t<div id=\"documentos\" class=\"elementor-tab-title eael-accordion-header\" tabindex=\"0\" data-tab=\"1\" aria-controls=\"elementor-tab-content-2471\"><span class=\"eael-advanced-accordion-icon-closed\"><i aria-hidden=\"true\" class=\"fa-accordion-icon far fa-file-pdf\"><\/i><\/span><span class=\"eael-advanced-accordion-icon-opened\"><i aria-hidden=\"true\" class=\"fa-accordion-icon fas fa-minus\"><\/i><\/span><span class=\"eael-accordion-tab-title\">Documentos<\/span><\/div><div id=\"elementor-tab-content-2471\" class=\"eael-accordion-content clearfix\" data-tab=\"1\" aria-labelledby=\"documentos\"><p><img decoding=\"async\" class=\"wp-image-2526 alignnone\" src=\"https:\/\/biopesaje.com\/wp-content\/uploads\/2022\/02\/391px-PDF_file_icon.svg.png\" alt=\"\" width=\"30\" height=\"37\" srcset=\"https:\/\/biopesaje.com\/wp-content\/uploads\/2022\/02\/391px-PDF_file_icon.svg.png 391w, https:\/\/biopesaje.com\/wp-content\/uploads\/2022\/02\/391px-PDF_file_icon.svg-300x368.png 300w, https:\/\/biopesaje.com\/wp-content\/uploads\/2022\/02\/391px-PDF_file_icon.svg-244x300.png 244w, https:\/\/biopesaje.com\/wp-content\/uploads\/2022\/02\/391px-PDF_file_icon.svg-48x59.png 48w\" sizes=\"(max-width: 30px) 100vw, 30px\" \/> Cat\u00e1logo Plataforma bajo perfil con rampa<\/p><\/div>\n\t\t\t\t\t<\/div><\/div>\t\t\t\t<\/div>\n\t\t\t\t<\/div>\n\t\t\t\t\t<\/div>\n\t\t<\/div>\n\t\t\t\t\t<\/div>\n\t\t<\/section>\n\t\t\t\t<section class=\"elementor-section elementor-top-section elementor-element elementor-element-5e521e2 elementor-section-boxed elementor-section-height-default elementor-section-height-default\" data-id=\"5e521e2\" data-element_type=\"section\" data-e-type=\"section\">\n\t\t\t\t\t\t<div class=\"elementor-container elementor-column-gap-default\">\n\t\t\t\t\t<div class=\"elementor-column elementor-col-100 elementor-top-column elementor-element elementor-element-8a4e6b4\" data-id=\"8a4e6b4\" data-element_type=\"column\" data-e-type=\"column\">\n\t\t\t<div class=\"elementor-widget-wrap elementor-element-populated\">\n\t\t\t\t\t\t\t<\/div>\n\t\t<\/div>\n\t\t\t\t\t<\/div>\n\t\t<\/section>\n\t\t\t\t<\/div>\n\t\t","protected":false},"excerpt":{"rendered":"<p><strong>Plataforma Bajo perfil con rampa<\/strong> es una soluci\u00f3n industrial robusta y precisa, dise\u00f1ada para facilitar el pesaje de cargas en entornos exigentes. Disponible en dos tama\u00f1os (<strong>1&#215;1 m con capacidad de 2,000 kg<\/strong>\u00a0y\u00a0<strong>1.2&#215;1.2 m para 3,000 kg<\/strong>), cuenta con una estructura tubular en\u00a0<strong>acero inoxidable<\/strong>\u00a0y superficie en l\u00e1mina alfajor de\u00a0<strong>4.9 mm<\/strong>, garantizando m\u00e1xima resistencia. Sus\u00a0<strong>4 celdas tipo shear beam<\/strong>\u00a0ofrecen una precisi\u00f3n de\u00a0<strong>\u00b10.03%<\/strong>, mientras que las\u00a0<strong>rampas laterales<\/strong>\u00a0facilitan el acceso de mercanc\u00edas. Incluye\u00a0<strong>indicador LED de 6 d\u00edgitos<\/strong>,\u00a0<strong>protecci\u00f3n IP65<\/strong>,\u00a0<strong>bater\u00eda recargable<\/strong>\u00a0y\u00a0<strong>teclado para calibraci\u00f3n<\/strong>, convirti\u00e9ndola en una opci\u00f3n confiable para almacenes y log\u00edstica.<\/p>\n","protected":false},"featured_media":8587,"template":"","meta":{"_uag_custom_page_level_css":"","_joinchat":[]},"product_brand":[180],"product_cat":[35,28,56],"product_tag":[],"class_list":{"0":"post-8583","1":"product","2":"type-product","3":"status-publish","4":"has-post-thumbnail","6":"product_brand-tek","7":"product_cat-basculas","8":"product_cat-pesaje","9":"product_cat-plataformas-multi-celdas-alta-capacidad","10":"thunk-woo-product-list","11":"opn-qv-enable","12":"top-store-woo-hover-none","13":"top-store-single-product-tab-horizontal","14":"top-store-shadow-","15":"top-store-shadow-hover-","17":"first","18":"instock","19":"taxable","20":"shipping-taxable","21":"product-type-simple"},"yoast_head":"<!-- This site is optimized with the Yoast SEO plugin v27.3 - https:\/\/yoast.com\/product\/yoast-seo-wordpress\/ -->\n<title>Plataforma Bajo perfil con rampa - BIOPESAJE S.A.S.<\/title>\n<meta name=\"description\" content=\"Biopesaje S.A.S cuenta con la mejor selecci\u00f3n de equipos en categor\u00edas como pesaje procesamiento y empaque de la industria alimenticia. Plataforma Bajo Perfil con rampa\" \/>\n<meta name=\"robots\" content=\"index, follow, max-snippet:-1, max-image-preview:large, max-video-preview:-1\" \/>\n<link rel=\"canonical\" href=\"https:\/\/biopesaje.com\/index.php\/product\/plataforma-bajo-perfil-con-rampa\/\" \/>\n<meta property=\"og:locale\" content=\"es_ES\" \/>\n<meta property=\"og:type\" content=\"article\" \/>\n<meta property=\"og:title\" content=\"Plataforma Bajo perfil con rampa - BIOPESAJE S.A.S.\" \/>\n<meta property=\"og:description\" content=\"Biopesaje S.A.S cuenta con la mejor selecci\u00f3n de equipos en categor\u00edas como pesaje procesamiento y empaque de la industria alimenticia. Plataforma Bajo Perfil con rampa\" \/>\n<meta property=\"og:url\" content=\"https:\/\/biopesaje.com\/index.php\/product\/plataforma-bajo-perfil-con-rampa\/\" \/>\n<meta property=\"og:site_name\" content=\"BIOPESAJE S.A.S.\" \/>\n<meta property=\"article:modified_time\" content=\"2025-09-08T15:40:58+00:00\" \/>\n<meta property=\"og:image\" content=\"https:\/\/biopesaje.com\/wp-content\/uploads\/2025\/04\/bascula-bajo-perfil-con-rampa-tek-ref-pl-16-pl-17.jpg\" \/>\n\t<meta property=\"og:image:width\" content=\"700\" \/>\n\t<meta property=\"og:image:height\" content=\"700\" \/>\n\t<meta property=\"og:image:type\" content=\"image\/jpeg\" \/>\n<meta name=\"twitter:card\" content=\"summary_large_image\" \/>\n<meta name=\"twitter:label1\" content=\"Tiempo de lectura\" \/>\n\t<meta name=\"twitter:data1\" content=\"2 minutos\" \/>\n<script type=\"application\/ld+json\" class=\"yoast-schema-graph\">{\"@context\":\"https:\\\/\\\/schema.org\",\"@graph\":[{\"@type\":\"WebPage\",\"@id\":\"https:\\\/\\\/biopesaje.com\\\/index.php\\\/product\\\/plataforma-bajo-perfil-con-rampa\\\/\",\"url\":\"https:\\\/\\\/biopesaje.com\\\/index.php\\\/product\\\/plataforma-bajo-perfil-con-rampa\\\/\",\"name\":\"Plataforma Bajo perfil con rampa - BIOPESAJE S.A.S.\",\"isPartOf\":{\"@id\":\"https:\\\/\\\/biopesaje.com\\\/#website\"},\"primaryImageOfPage\":{\"@id\":\"https:\\\/\\\/biopesaje.com\\\/index.php\\\/product\\\/plataforma-bajo-perfil-con-rampa\\\/#primaryimage\"},\"image\":{\"@id\":\"https:\\\/\\\/biopesaje.com\\\/index.php\\\/product\\\/plataforma-bajo-perfil-con-rampa\\\/#primaryimage\"},\"thumbnailUrl\":\"https:\\\/\\\/biopesaje.com\\\/wp-content\\\/uploads\\\/2025\\\/04\\\/bascula-bajo-perfil-con-rampa-tek-ref-pl-16-pl-17.jpg\",\"datePublished\":\"2025-04-29T19:20:31+00:00\",\"dateModified\":\"2025-09-08T15:40:58+00:00\",\"description\":\"Biopesaje S.A.S cuenta con la mejor selecci\u00f3n de equipos en categor\u00edas como pesaje procesamiento y empaque de la industria alimenticia. Plataforma Bajo Perfil con rampa\",\"breadcrumb\":{\"@id\":\"https:\\\/\\\/biopesaje.com\\\/index.php\\\/product\\\/plataforma-bajo-perfil-con-rampa\\\/#breadcrumb\"},\"inLanguage\":\"es-CO\",\"potentialAction\":[{\"@type\":\"ReadAction\",\"target\":[\"https:\\\/\\\/biopesaje.com\\\/index.php\\\/product\\\/plataforma-bajo-perfil-con-rampa\\\/\"]}]},{\"@type\":\"ImageObject\",\"inLanguage\":\"es-CO\",\"@id\":\"https:\\\/\\\/biopesaje.com\\\/index.php\\\/product\\\/plataforma-bajo-perfil-con-rampa\\\/#primaryimage\",\"url\":\"https:\\\/\\\/biopesaje.com\\\/wp-content\\\/uploads\\\/2025\\\/04\\\/bascula-bajo-perfil-con-rampa-tek-ref-pl-16-pl-17.jpg\",\"contentUrl\":\"https:\\\/\\\/biopesaje.com\\\/wp-content\\\/uploads\\\/2025\\\/04\\\/bascula-bajo-perfil-con-rampa-tek-ref-pl-16-pl-17.jpg\",\"width\":700,\"height\":700},{\"@type\":\"BreadcrumbList\",\"@id\":\"https:\\\/\\\/biopesaje.com\\\/index.php\\\/product\\\/plataforma-bajo-perfil-con-rampa\\\/#breadcrumb\",\"itemListElement\":[{\"@type\":\"ListItem\",\"position\":1,\"name\":\"Home\",\"item\":\"https:\\\/\\\/biopesaje.com\\\/\"},{\"@type\":\"ListItem\",\"position\":2,\"name\":\"Productos\",\"item\":\"https:\\\/\\\/biopesaje.com\\\/index.php\\\/tienda\\\/\"},{\"@type\":\"ListItem\",\"position\":3,\"name\":\"Plataforma bajo perfil con rampa\"}]},{\"@type\":\"WebSite\",\"@id\":\"https:\\\/\\\/biopesaje.com\\\/#website\",\"url\":\"https:\\\/\\\/biopesaje.com\\\/\",\"name\":\"BIOPESAJE S.A.S.\",\"description\":\"Ingenier\u00eda de pesaje, metrolog\u00eda y laboratorio.\",\"publisher\":{\"@id\":\"https:\\\/\\\/biopesaje.com\\\/#organization\"},\"potentialAction\":[{\"@type\":\"SearchAction\",\"target\":{\"@type\":\"EntryPoint\",\"urlTemplate\":\"https:\\\/\\\/biopesaje.com\\\/?s={search_term_string}\"},\"query-input\":{\"@type\":\"PropertyValueSpecification\",\"valueRequired\":true,\"valueName\":\"search_term_string\"}}],\"inLanguage\":\"es-CO\"},{\"@type\":\"Organization\",\"@id\":\"https:\\\/\\\/biopesaje.com\\\/#organization\",\"name\":\"BIOPESAJE S.A.S.\",\"url\":\"https:\\\/\\\/biopesaje.com\\\/\",\"logo\":{\"@type\":\"ImageObject\",\"inLanguage\":\"es-CO\",\"@id\":\"https:\\\/\\\/biopesaje.com\\\/#\\\/schema\\\/logo\\\/image\\\/\",\"url\":\"\",\"contentUrl\":\"\",\"caption\":\"BIOPESAJE S.A.S.\"},\"image\":{\"@id\":\"https:\\\/\\\/biopesaje.com\\\/#\\\/schema\\\/logo\\\/image\\\/\"}}]}<\/script>\n<!-- \/ Yoast SEO plugin. -->","yoast_head_json":{"title":"Plataforma Bajo perfil con rampa - BIOPESAJE S.A.S.","description":"Biopesaje S.A.S cuenta con la mejor selecci\u00f3n de equipos en categor\u00edas como pesaje procesamiento y empaque de la industria alimenticia. Plataforma Bajo Perfil con rampa","robots":{"index":"index","follow":"follow","max-snippet":"max-snippet:-1","max-image-preview":"max-image-preview:large","max-video-preview":"max-video-preview:-1"},"canonical":"https:\/\/biopesaje.com\/index.php\/product\/plataforma-bajo-perfil-con-rampa\/","og_locale":"es_ES","og_type":"article","og_title":"Plataforma Bajo perfil con rampa - BIOPESAJE S.A.S.","og_description":"Biopesaje S.A.S cuenta con la mejor selecci\u00f3n de equipos en categor\u00edas como pesaje procesamiento y empaque de la industria alimenticia. Plataforma Bajo Perfil con rampa","og_url":"https:\/\/biopesaje.com\/index.php\/product\/plataforma-bajo-perfil-con-rampa\/","og_site_name":"BIOPESAJE S.A.S.","article_modified_time":"2025-09-08T15:40:58+00:00","og_image":[{"width":700,"height":700,"url":"https:\/\/biopesaje.com\/wp-content\/uploads\/2025\/04\/bascula-bajo-perfil-con-rampa-tek-ref-pl-16-pl-17.jpg","type":"image\/jpeg"}],"twitter_card":"summary_large_image","twitter_misc":{"Tiempo de lectura":"2 minutos"},"schema":{"@context":"https:\/\/schema.org","@graph":[{"@type":"WebPage","@id":"https:\/\/biopesaje.com\/index.php\/product\/plataforma-bajo-perfil-con-rampa\/","url":"https:\/\/biopesaje.com\/index.php\/product\/plataforma-bajo-perfil-con-rampa\/","name":"Plataforma Bajo perfil con rampa - BIOPESAJE S.A.S.","isPartOf":{"@id":"https:\/\/biopesaje.com\/#website"},"primaryImageOfPage":{"@id":"https:\/\/biopesaje.com\/index.php\/product\/plataforma-bajo-perfil-con-rampa\/#primaryimage"},"image":{"@id":"https:\/\/biopesaje.com\/index.php\/product\/plataforma-bajo-perfil-con-rampa\/#primaryimage"},"thumbnailUrl":"https:\/\/biopesaje.com\/wp-content\/uploads\/2025\/04\/bascula-bajo-perfil-con-rampa-tek-ref-pl-16-pl-17.jpg","datePublished":"2025-04-29T19:20:31+00:00","dateModified":"2025-09-08T15:40:58+00:00","description":"Biopesaje S.A.S cuenta con la mejor selecci\u00f3n de equipos en categor\u00edas como pesaje procesamiento y empaque de la industria alimenticia. Plataforma Bajo Perfil con rampa","breadcrumb":{"@id":"https:\/\/biopesaje.com\/index.php\/product\/plataforma-bajo-perfil-con-rampa\/#breadcrumb"},"inLanguage":"es-CO","potentialAction":[{"@type":"ReadAction","target":["https:\/\/biopesaje.com\/index.php\/product\/plataforma-bajo-perfil-con-rampa\/"]}]},{"@type":"ImageObject","inLanguage":"es-CO","@id":"https:\/\/biopesaje.com\/index.php\/product\/plataforma-bajo-perfil-con-rampa\/#primaryimage","url":"https:\/\/biopesaje.com\/wp-content\/uploads\/2025\/04\/bascula-bajo-perfil-con-rampa-tek-ref-pl-16-pl-17.jpg","contentUrl":"https:\/\/biopesaje.com\/wp-content\/uploads\/2025\/04\/bascula-bajo-perfil-con-rampa-tek-ref-pl-16-pl-17.jpg","width":700,"height":700},{"@type":"BreadcrumbList","@id":"https:\/\/biopesaje.com\/index.php\/product\/plataforma-bajo-perfil-con-rampa\/#breadcrumb","itemListElement":[{"@type":"ListItem","position":1,"name":"Home","item":"https:\/\/biopesaje.com\/"},{"@type":"ListItem","position":2,"name":"Productos","item":"https:\/\/biopesaje.com\/index.php\/tienda\/"},{"@type":"ListItem","position":3,"name":"Plataforma bajo perfil con rampa"}]},{"@type":"WebSite","@id":"https:\/\/biopesaje.com\/#website","url":"https:\/\/biopesaje.com\/","name":"BIOPESAJE S.A.S.","description":"Ingenier\u00eda de pesaje, metrolog\u00eda y laboratorio.","publisher":{"@id":"https:\/\/biopesaje.com\/#organization"},"potentialAction":[{"@type":"SearchAction","target":{"@type":"EntryPoint","urlTemplate":"https:\/\/biopesaje.com\/?s={search_term_string}"},"query-input":{"@type":"PropertyValueSpecification","valueRequired":true,"valueName":"search_term_string"}}],"inLanguage":"es-CO"},{"@type":"Organization","@id":"https:\/\/biopesaje.com\/#organization","name":"BIOPESAJE S.A.S.","url":"https:\/\/biopesaje.com\/","logo":{"@type":"ImageObject","inLanguage":"es-CO","@id":"https:\/\/biopesaje.com\/#\/schema\/logo\/image\/","url":"","contentUrl":"","caption":"BIOPESAJE S.A.S."},"image":{"@id":"https:\/\/biopesaje.com\/#\/schema\/logo\/image\/"}}]}},"uagb_featured_image_src":{"full":["https:\/\/biopesaje.com\/wp-content\/uploads\/2025\/04\/bascula-bajo-perfil-con-rampa-tek-ref-pl-16-pl-17.jpg",700,700,false],"thumbnail":["https:\/\/biopesaje.com\/wp-content\/uploads\/2025\/04\/bascula-bajo-perfil-con-rampa-tek-ref-pl-16-pl-17-150x150.jpg",150,150,true],"medium":["https:\/\/biopesaje.com\/wp-content\/uploads\/2025\/04\/bascula-bajo-perfil-con-rampa-tek-ref-pl-16-pl-17-300x300.jpg",300,300,true],"medium_large":["https:\/\/biopesaje.com\/wp-content\/uploads\/2025\/04\/bascula-bajo-perfil-con-rampa-tek-ref-pl-16-pl-17.jpg",640,640,false],"large":["https:\/\/biopesaje.com\/wp-content\/uploads\/2025\/04\/bascula-bajo-perfil-con-rampa-tek-ref-pl-16-pl-17.jpg",640,640,false],"1536x1536":["https:\/\/biopesaje.com\/wp-content\/uploads\/2025\/04\/bascula-bajo-perfil-con-rampa-tek-ref-pl-16-pl-17.jpg",700,700,false],"2048x2048":["https:\/\/biopesaje.com\/wp-content\/uploads\/2025\/04\/bascula-bajo-perfil-con-rampa-tek-ref-pl-16-pl-17.jpg",700,700,false],"woocommerce_thumbnail":["https:\/\/biopesaje.com\/wp-content\/uploads\/2025\/04\/bascula-bajo-perfil-con-rampa-tek-ref-pl-16-pl-17-320x320.jpg",320,320,true],"woocommerce_single":["https:\/\/biopesaje.com\/wp-content\/uploads\/2025\/04\/bascula-bajo-perfil-con-rampa-tek-ref-pl-16-pl-17.jpg",700,700,false],"woocommerce_gallery_thumbnail":["https:\/\/biopesaje.com\/wp-content\/uploads\/2025\/04\/bascula-bajo-perfil-con-rampa-tek-ref-pl-16-pl-17-100x100.jpg",100,100,true],"thaps-thumb-img":["https:\/\/biopesaje.com\/wp-content\/uploads\/2025\/04\/bascula-bajo-perfil-con-rampa-tek-ref-pl-16-pl-17-48x48.jpg",48,48,true],"taiowc-thumb-img":["https:\/\/biopesaje.com\/wp-content\/uploads\/2025\/04\/bascula-bajo-perfil-con-rampa-tek-ref-pl-16-pl-17-48x48.jpg",48,48,true]},"uagb_author_info":{"display_name":"Diego Martinez","author_link":"https:\/\/biopesaje.com\/index.php\/author\/"},"uagb_comment_info":0,"uagb_excerpt":"Plataforma Bajo perfil con rampa es una soluci\u00f3n industrial robusta y precisa, dise\u00f1ada para facilitar el pesaje de cargas en entornos exigentes. Disponible en dos tama\u00f1os (1x1 m con capacidad de 2,000 kg\u00a0y\u00a01.2x1.2 m para 3,000 kg), cuenta con una estructura tubular en\u00a0acero inoxidable\u00a0y superficie en l\u00e1mina alfajor de\u00a04.9 mm, garantizando m\u00e1xima resistencia. Sus\u00a04 celdas&hellip;","jetpack_sharing_enabled":true,"_links":{"self":[{"href":"https:\/\/biopesaje.com\/index.php\/wp-json\/wp\/v2\/product\/8583","targetHints":{"allow":["GET"]}}],"collection":[{"href":"https:\/\/biopesaje.com\/index.php\/wp-json\/wp\/v2\/product"}],"about":[{"href":"https:\/\/biopesaje.com\/index.php\/wp-json\/wp\/v2\/types\/product"}],"version-history":[{"count":5,"href":"https:\/\/biopesaje.com\/index.php\/wp-json\/wp\/v2\/product\/8583\/revisions"}],"predecessor-version":[{"id":9958,"href":"https:\/\/biopesaje.com\/index.php\/wp-json\/wp\/v2\/product\/8583\/revisions\/9958"}],"wp:featuredmedia":[{"embeddable":true,"href":"https:\/\/biopesaje.com\/index.php\/wp-json\/wp\/v2\/media\/8587"}],"wp:attachment":[{"href":"https:\/\/biopesaje.com\/index.php\/wp-json\/wp\/v2\/media?parent=8583"}],"wp:term":[{"taxonomy":"product_brand","embeddable":true,"href":"https:\/\/biopesaje.com\/index.php\/wp-json\/wp\/v2\/product_brand?post=8583"},{"taxonomy":"product_cat","embeddable":true,"href":"https:\/\/biopesaje.com\/index.php\/wp-json\/wp\/v2\/product_cat?post=8583"},{"taxonomy":"product_tag","embeddable":true,"href":"https:\/\/biopesaje.com\/index.php\/wp-json\/wp\/v2\/product_tag?post=8583"}],"curies":[{"name":"wp","href":"https:\/\/api.w.org\/{rel}","templated":true}]}}