{"id":9152,"date":"2025-06-11T22:04:57","date_gmt":"2025-06-11T22:04:57","guid":{"rendered":"https:\/\/biopesaje.com\/?post_type=product&#038;p=9152"},"modified":"2025-07-23T20:03:10","modified_gmt":"2025-07-23T20:03:10","slug":"formadora-manual-de-hamburguesas-burger-130","status":"publish","type":"product","link":"https:\/\/biopesaje.com\/index.php\/product\/formadora-manual-de-hamburguesas-burger-130\/","title":{"rendered":"FORMADORA MANUAL DE HAMBURGUESAS BURGER-130"},"content":{"rendered":"\t\t<div data-elementor-type=\"wp-post\" data-elementor-id=\"9152\" class=\"elementor elementor-9152\" data-elementor-post-type=\"product\">\n\t\t\t\t\t\t<section class=\"elementor-section elementor-top-section elementor-element elementor-element-5bd5cd50 elementor-section-boxed elementor-section-height-default elementor-section-height-default\" data-id=\"5bd5cd50\" data-element_type=\"section\" data-e-type=\"section\">\n\t\t\t\t\t\t<div class=\"elementor-container elementor-column-gap-default\">\n\t\t\t\t\t<div class=\"elementor-column elementor-col-100 elementor-top-column elementor-element elementor-element-5c718e4d\" data-id=\"5c718e4d\" data-element_type=\"column\" data-e-type=\"column\">\n\t\t\t<div class=\"elementor-widget-wrap elementor-element-populated\">\n\t\t\t\t\t\t<div class=\"elementor-element elementor-element-450ad1ec elementor-widget elementor-widget-text-editor\" data-id=\"450ad1ec\" data-element_type=\"widget\" data-e-type=\"widget\" data-widget_type=\"text-editor.default\">\n\t\t\t\t<div class=\"elementor-widget-container\">\n\t\t\t\t\t\t\t\t\t<p class=\"ds-markdown-paragraph\">Dise\u00f1ada para satisfacer las necesidades de restaurantes, food trucks y cocinas industriales, esta m\u00e1quina para hamburguesas profesional combina durabilidad, higiene y alto rendimiento en un equipo f\u00e1cil de usar, fabricada en polietileno (PE) de grado alimenticio que garantiza que no libera toxinas ni olores, cumpliendo con los m\u00e1s altos est\u00e1ndares de seguridad, y con componentes clave en acero inoxidable anti-corrosi\u00f3n, resistente a la oxidaci\u00f3n y con una larga vida \u00fatil, incluso en entornos de uso intensivo. Su operaci\u00f3n es sencilla y de r\u00e1pida instalaci\u00f3n, con un montaje en minutos: simplemente retire el molde, coloque la carne y ejerza presi\u00f3n para obtener hamburguesas perfectamente formadas, gracias a su sistema ergon\u00f3mico que permite una producci\u00f3n continua sin fatiga, ideal para jornadas largas de trabajo. Adem\u00e1s, cuenta con una superficie antiadherente que evita que la carne se pegue, facilitando la limpieza con solo un enjuague con agua, y un dise\u00f1o desmontable para una higiene profunda y evitar la acumulaci\u00f3n de residuos. Con alta productividad y resultados profesionales, produce hamburguesas de 200g (4.3 pulgadas de di\u00e1metro) con un acabado uniforme y compacto, listas para cocinar, con una capacidad de 80 hamburguesas por hora, optimizando el tiempo en cocinas de alto volumen, y una tolva con di\u00e1metro de 110mm\/130mm y cilindro de 16cm de altura, permitiendo cargar suficiente materia prima para una producci\u00f3n ininterrumpida. Su dise\u00f1o compacto y robusto, con dimensiones de 48x28x39.6 cm, lo hace ideal para espacios reducidos sin sacrificar capacidad, y su construcci\u00f3n liviana pero resistente facilita su transporte y almacenamiento.<\/p>\t\t\t\t\t\t\t\t<\/div>\n\t\t\t\t<\/div>\n\t\t\t\t\t<\/div>\n\t\t<\/div>\n\t\t\t\t\t<\/div>\n\t\t<\/section>\n\t\t\t\t<section class=\"elementor-section elementor-top-section elementor-element elementor-element-d1c64c4 elementor-section-boxed elementor-section-height-default elementor-section-height-default\" data-id=\"d1c64c4\" data-element_type=\"section\" data-e-type=\"section\">\n\t\t\t\t\t\t<div class=\"elementor-container elementor-column-gap-default\">\n\t\t\t\t\t<div class=\"elementor-column elementor-col-100 elementor-top-column elementor-element elementor-element-81dcb8e\" data-id=\"81dcb8e\" data-element_type=\"column\" data-e-type=\"column\">\n\t\t\t<div class=\"elementor-widget-wrap elementor-element-populated\">\n\t\t\t\t\t\t<div class=\"elementor-element elementor-element-b4b261c elementor-widget elementor-widget-heading\" data-id=\"b4b261c\" data-element_type=\"widget\" data-e-type=\"widget\" data-widget_type=\"heading.default\">\n\t\t\t\t<div class=\"elementor-widget-container\">\n\t\t\t\t\t<h3 class=\"elementor-heading-title elementor-size-default\">Documentaci\u00f3n<\/h3>\t\t\t\t<\/div>\n\t\t\t\t<\/div>\n\t\t\t\t<div class=\"elementor-element elementor-element-ec3045b elementor-widget elementor-widget-eael-adv-accordion\" data-id=\"ec3045b\" data-element_type=\"widget\" data-e-type=\"widget\" data-widget_type=\"eael-adv-accordion.default\">\n\t\t\t\t<div class=\"elementor-widget-container\">\n\t\t\t\t\t            <div class=\"eael-adv-accordion\" id=\"eael-adv-accordion-ec3045b\" data-scroll-on-click=\"no\" data-scroll-speed=\"300\" data-accordion-id=\"ec3045b\" data-accordion-type=\"accordion\" data-toogle-speed=\"300\">\n            <div class=\"eael-accordion-list\">\n\t\t\t\t\t<div id=\"documentos\" class=\"elementor-tab-title eael-accordion-header\" tabindex=\"0\" data-tab=\"1\" aria-controls=\"elementor-tab-content-2471\"><span class=\"eael-advanced-accordion-icon-closed\"><i aria-hidden=\"true\" class=\"fa-accordion-icon far fa-file-pdf\"><\/i><\/span><span class=\"eael-advanced-accordion-icon-opened\"><i aria-hidden=\"true\" class=\"fa-accordion-icon fas fa-minus\"><\/i><\/span><span class=\"eael-accordion-tab-title\">Documentos<\/span><\/div><div id=\"elementor-tab-content-2471\" class=\"eael-accordion-content clearfix\" data-tab=\"1\" aria-labelledby=\"documentos\"><p><a href=\"https:\/\/biopesaje.com\/wp-content\/uploads\/2025\/07\/FORMADORA-DE-HAMBURGUESAS-MANUAL-BURGER-130.pdf\" target=\"_blank\" rel=\"noopener\"><img decoding=\"async\" class=\"wp-image-2526 alignnone\" src=\"https:\/\/biopesaje.com\/wp-content\/uploads\/2022\/02\/391px-PDF_file_icon.svg.png\" alt=\"\" width=\"30\" height=\"37\" srcset=\"https:\/\/biopesaje.com\/wp-content\/uploads\/2022\/02\/391px-PDF_file_icon.svg.png 391w, https:\/\/biopesaje.com\/wp-content\/uploads\/2022\/02\/391px-PDF_file_icon.svg-300x368.png 300w, https:\/\/biopesaje.com\/wp-content\/uploads\/2022\/02\/391px-PDF_file_icon.svg-244x300.png 244w, https:\/\/biopesaje.com\/wp-content\/uploads\/2022\/02\/391px-PDF_file_icon.svg-48x59.png 48w\" sizes=\"(max-width: 30px) 100vw, 30px\" \/> Cat\u00e1logo FORMADORA MANUAL DE HAMBURGUESAS BURGER-130<\/a><\/p><\/div>\n\t\t\t\t\t<\/div><\/div>\t\t\t\t<\/div>\n\t\t\t\t<\/div>\n\t\t\t\t\t<\/div>\n\t\t<\/div>\n\t\t\t\t\t<\/div>\n\t\t<\/section>\n\t\t\t\t<section class=\"elementor-section elementor-top-section elementor-element elementor-element-5e521e2 elementor-section-boxed elementor-section-height-default elementor-section-height-default\" data-id=\"5e521e2\" data-element_type=\"section\" data-e-type=\"section\">\n\t\t\t\t\t\t<div class=\"elementor-container elementor-column-gap-default\">\n\t\t\t\t\t<div class=\"elementor-column elementor-col-100 elementor-top-column elementor-element elementor-element-8a4e6b4\" data-id=\"8a4e6b4\" data-element_type=\"column\" data-e-type=\"column\">\n\t\t\t<div class=\"elementor-widget-wrap elementor-element-populated\">\n\t\t\t\t\t\t\t<\/div>\n\t\t<\/div>\n\t\t\t\t\t<\/div>\n\t\t<\/section>\n\t\t\t\t<\/div>\n\t\t","protected":false},"excerpt":{"rendered":"<p>&#8211; Fabricada de material PE de alta calidad alimentaria<br \/>\n&#8211; 100% no t\u00f3xico e inodoro<br \/>\n&#8211; El material de acero inoxidable ubicado en el equipo puede ser resistente a la corrosi\u00f3n, resistente a la oxidaci\u00f3n y tiene una larga vida \u00fatil.<br \/>\n&#8211;\u00a0F\u00e1cil de operar<br \/>\n&#8211; La instalaci\u00f3n de la m\u00e1quina lleva s\u00f3lo unos minutos. Simplemente retire el molde y tire del molde para generar suficiente presi\u00f3n para obtener una hamburguesa<br \/>\n&#8211; F\u00e1cil de limpiar. No es pegajoso, simplemente enjuague con agua.<br \/>\n&#8211;\u00a0Alta productividad<br \/>\n&#8211; Di\u00e1metro de la hamburguesa: 4,3 pulgadas<br \/>\n&#8211; Cada hamburguesa es de aproximadamente 200g<br \/>\n&#8211; Produce Hamburguesas de alta calidad en poco tiempo<br \/>\n&#8211; Puede hacer 80 hamburguesas por hora<br \/>\n&#8211; Dimensiones:48x28x39,6 CM<br \/>\n&#8211; Di\u00e1metro de la tolva: 110MM\/130MM<br \/>\n&#8211; Altura del cilindro:\u00a016cm<br \/>\n&#8211; Material:\u00a0PE<\/p>\n","protected":false},"featured_media":9155,"template":"","meta":{"_uag_custom_page_level_css":"","_joinchat":[]},"product_brand":[181],"product_cat":[157],"product_tag":[],"class_list":{"0":"post-9152","1":"product","2":"type-product","3":"status-publish","4":"has-post-thumbnail","6":"product_brand-biopesaje","7":"product_cat-formadora-de-hamburguesas-manual","8":"thunk-woo-product-list","9":"opn-qv-enable","10":"top-store-woo-hover-none","11":"top-store-single-product-tab-horizontal","12":"top-store-shadow-","13":"top-store-shadow-hover-","15":"first","16":"instock","17":"taxable","18":"shipping-taxable","19":"product-type-simple"},"yoast_head":"<!-- This site is optimized with the Yoast SEO plugin v27.3 - https:\/\/yoast.com\/product\/yoast-seo-wordpress\/ -->\n<title>FORMADORA MANUAL DE HAMBURGUESAS BURGER-130 - BIOPESAJE S.A.S.<\/title>\n<meta name=\"description\" content=\"Biopesaje S.A.S cuenta con la mejor selecci\u00f3n de equipos en categor\u00edas como pesaje procesamiento y empaque de la industria alimenticia. FORMADORA MANUAL DE HAMBURGUESAS BURGER-130\" \/>\n<meta name=\"robots\" content=\"index, follow, max-snippet:-1, max-image-preview:large, max-video-preview:-1\" \/>\n<link rel=\"canonical\" href=\"https:\/\/biopesaje.com\/index.php\/product\/formadora-manual-de-hamburguesas-burger-130\/\" \/>\n<meta property=\"og:locale\" content=\"es_ES\" \/>\n<meta property=\"og:type\" content=\"article\" \/>\n<meta property=\"og:title\" content=\"FORMADORA MANUAL DE HAMBURGUESAS BURGER-130 - BIOPESAJE S.A.S.\" \/>\n<meta property=\"og:description\" content=\"Biopesaje S.A.S cuenta con la mejor selecci\u00f3n de equipos en categor\u00edas como pesaje procesamiento y empaque de la industria alimenticia. FORMADORA MANUAL DE HAMBURGUESAS BURGER-130\" \/>\n<meta property=\"og:url\" content=\"https:\/\/biopesaje.com\/index.php\/product\/formadora-manual-de-hamburguesas-burger-130\/\" \/>\n<meta property=\"og:site_name\" content=\"BIOPESAJE S.A.S.\" \/>\n<meta property=\"article:modified_time\" content=\"2025-07-23T20:03:10+00:00\" \/>\n<meta property=\"og:image\" content=\"https:\/\/biopesaje.com\/wp-content\/uploads\/2025\/06\/FORMADORA-MANUAL-DE-HAMBURGUESAS-BURGER-130-2.jpg\" \/>\n\t<meta property=\"og:image:width\" content=\"1000\" \/>\n\t<meta property=\"og:image:height\" content=\"1000\" \/>\n\t<meta property=\"og:image:type\" content=\"image\/jpeg\" \/>\n<meta name=\"twitter:card\" content=\"summary_large_image\" \/>\n<meta name=\"twitter:label1\" content=\"Tiempo de lectura\" \/>\n\t<meta name=\"twitter:data1\" content=\"2 minutos\" \/>\n<script type=\"application\/ld+json\" class=\"yoast-schema-graph\">{\"@context\":\"https:\\\/\\\/schema.org\",\"@graph\":[{\"@type\":\"WebPage\",\"@id\":\"https:\\\/\\\/biopesaje.com\\\/index.php\\\/product\\\/formadora-manual-de-hamburguesas-burger-130\\\/\",\"url\":\"https:\\\/\\\/biopesaje.com\\\/index.php\\\/product\\\/formadora-manual-de-hamburguesas-burger-130\\\/\",\"name\":\"FORMADORA MANUAL DE HAMBURGUESAS BURGER-130 - BIOPESAJE S.A.S.\",\"isPartOf\":{\"@id\":\"https:\\\/\\\/biopesaje.com\\\/#website\"},\"primaryImageOfPage\":{\"@id\":\"https:\\\/\\\/biopesaje.com\\\/index.php\\\/product\\\/formadora-manual-de-hamburguesas-burger-130\\\/#primaryimage\"},\"image\":{\"@id\":\"https:\\\/\\\/biopesaje.com\\\/index.php\\\/product\\\/formadora-manual-de-hamburguesas-burger-130\\\/#primaryimage\"},\"thumbnailUrl\":\"https:\\\/\\\/biopesaje.com\\\/wp-content\\\/uploads\\\/2025\\\/06\\\/FORMADORA-MANUAL-DE-HAMBURGUESAS-BURGER-130-2.jpg\",\"datePublished\":\"2025-06-11T22:04:57+00:00\",\"dateModified\":\"2025-07-23T20:03:10+00:00\",\"description\":\"Biopesaje S.A.S cuenta con la mejor selecci\u00f3n de equipos en categor\u00edas como pesaje procesamiento y empaque de la industria alimenticia. FORMADORA MANUAL DE HAMBURGUESAS BURGER-130\",\"breadcrumb\":{\"@id\":\"https:\\\/\\\/biopesaje.com\\\/index.php\\\/product\\\/formadora-manual-de-hamburguesas-burger-130\\\/#breadcrumb\"},\"inLanguage\":\"es-CO\",\"potentialAction\":[{\"@type\":\"ReadAction\",\"target\":[\"https:\\\/\\\/biopesaje.com\\\/index.php\\\/product\\\/formadora-manual-de-hamburguesas-burger-130\\\/\"]}]},{\"@type\":\"ImageObject\",\"inLanguage\":\"es-CO\",\"@id\":\"https:\\\/\\\/biopesaje.com\\\/index.php\\\/product\\\/formadora-manual-de-hamburguesas-burger-130\\\/#primaryimage\",\"url\":\"https:\\\/\\\/biopesaje.com\\\/wp-content\\\/uploads\\\/2025\\\/06\\\/FORMADORA-MANUAL-DE-HAMBURGUESAS-BURGER-130-2.jpg\",\"contentUrl\":\"https:\\\/\\\/biopesaje.com\\\/wp-content\\\/uploads\\\/2025\\\/06\\\/FORMADORA-MANUAL-DE-HAMBURGUESAS-BURGER-130-2.jpg\",\"width\":1000,\"height\":1000,\"caption\":\"FORMADORA MANUAL DE HAMBURGUESAS BURGER-130\"},{\"@type\":\"BreadcrumbList\",\"@id\":\"https:\\\/\\\/biopesaje.com\\\/index.php\\\/product\\\/formadora-manual-de-hamburguesas-burger-130\\\/#breadcrumb\",\"itemListElement\":[{\"@type\":\"ListItem\",\"position\":1,\"name\":\"Home\",\"item\":\"https:\\\/\\\/biopesaje.com\\\/\"},{\"@type\":\"ListItem\",\"position\":2,\"name\":\"Productos\",\"item\":\"https:\\\/\\\/biopesaje.com\\\/index.php\\\/tienda\\\/\"},{\"@type\":\"ListItem\",\"position\":3,\"name\":\"FORMADORA MANUAL DE HAMBURGUESAS BURGER-130\"}]},{\"@type\":\"WebSite\",\"@id\":\"https:\\\/\\\/biopesaje.com\\\/#website\",\"url\":\"https:\\\/\\\/biopesaje.com\\\/\",\"name\":\"BIOPESAJE S.A.S.\",\"description\":\"Ingenier\u00eda de pesaje, metrolog\u00eda y laboratorio.\",\"publisher\":{\"@id\":\"https:\\\/\\\/biopesaje.com\\\/#organization\"},\"potentialAction\":[{\"@type\":\"SearchAction\",\"target\":{\"@type\":\"EntryPoint\",\"urlTemplate\":\"https:\\\/\\\/biopesaje.com\\\/?s={search_term_string}\"},\"query-input\":{\"@type\":\"PropertyValueSpecification\",\"valueRequired\":true,\"valueName\":\"search_term_string\"}}],\"inLanguage\":\"es-CO\"},{\"@type\":\"Organization\",\"@id\":\"https:\\\/\\\/biopesaje.com\\\/#organization\",\"name\":\"BIOPESAJE S.A.S.\",\"url\":\"https:\\\/\\\/biopesaje.com\\\/\",\"logo\":{\"@type\":\"ImageObject\",\"inLanguage\":\"es-CO\",\"@id\":\"https:\\\/\\\/biopesaje.com\\\/#\\\/schema\\\/logo\\\/image\\\/\",\"url\":\"\",\"contentUrl\":\"\",\"caption\":\"BIOPESAJE S.A.S.\"},\"image\":{\"@id\":\"https:\\\/\\\/biopesaje.com\\\/#\\\/schema\\\/logo\\\/image\\\/\"}}]}<\/script>\n<!-- \/ Yoast SEO plugin. -->","yoast_head_json":{"title":"FORMADORA MANUAL DE HAMBURGUESAS BURGER-130 - BIOPESAJE S.A.S.","description":"Biopesaje S.A.S cuenta con la mejor selecci\u00f3n de equipos en categor\u00edas como pesaje procesamiento y empaque de la industria alimenticia. FORMADORA MANUAL DE HAMBURGUESAS BURGER-130","robots":{"index":"index","follow":"follow","max-snippet":"max-snippet:-1","max-image-preview":"max-image-preview:large","max-video-preview":"max-video-preview:-1"},"canonical":"https:\/\/biopesaje.com\/index.php\/product\/formadora-manual-de-hamburguesas-burger-130\/","og_locale":"es_ES","og_type":"article","og_title":"FORMADORA MANUAL DE HAMBURGUESAS BURGER-130 - BIOPESAJE S.A.S.","og_description":"Biopesaje S.A.S cuenta con la mejor selecci\u00f3n de equipos en categor\u00edas como pesaje procesamiento y empaque de la industria alimenticia. FORMADORA MANUAL DE HAMBURGUESAS BURGER-130","og_url":"https:\/\/biopesaje.com\/index.php\/product\/formadora-manual-de-hamburguesas-burger-130\/","og_site_name":"BIOPESAJE S.A.S.","article_modified_time":"2025-07-23T20:03:10+00:00","og_image":[{"width":1000,"height":1000,"url":"https:\/\/biopesaje.com\/wp-content\/uploads\/2025\/06\/FORMADORA-MANUAL-DE-HAMBURGUESAS-BURGER-130-2.jpg","type":"image\/jpeg"}],"twitter_card":"summary_large_image","twitter_misc":{"Tiempo de lectura":"2 minutos"},"schema":{"@context":"https:\/\/schema.org","@graph":[{"@type":"WebPage","@id":"https:\/\/biopesaje.com\/index.php\/product\/formadora-manual-de-hamburguesas-burger-130\/","url":"https:\/\/biopesaje.com\/index.php\/product\/formadora-manual-de-hamburguesas-burger-130\/","name":"FORMADORA MANUAL DE HAMBURGUESAS BURGER-130 - BIOPESAJE S.A.S.","isPartOf":{"@id":"https:\/\/biopesaje.com\/#website"},"primaryImageOfPage":{"@id":"https:\/\/biopesaje.com\/index.php\/product\/formadora-manual-de-hamburguesas-burger-130\/#primaryimage"},"image":{"@id":"https:\/\/biopesaje.com\/index.php\/product\/formadora-manual-de-hamburguesas-burger-130\/#primaryimage"},"thumbnailUrl":"https:\/\/biopesaje.com\/wp-content\/uploads\/2025\/06\/FORMADORA-MANUAL-DE-HAMBURGUESAS-BURGER-130-2.jpg","datePublished":"2025-06-11T22:04:57+00:00","dateModified":"2025-07-23T20:03:10+00:00","description":"Biopesaje S.A.S cuenta con la mejor selecci\u00f3n de equipos en categor\u00edas como pesaje procesamiento y empaque de la industria alimenticia. FORMADORA MANUAL DE HAMBURGUESAS BURGER-130","breadcrumb":{"@id":"https:\/\/biopesaje.com\/index.php\/product\/formadora-manual-de-hamburguesas-burger-130\/#breadcrumb"},"inLanguage":"es-CO","potentialAction":[{"@type":"ReadAction","target":["https:\/\/biopesaje.com\/index.php\/product\/formadora-manual-de-hamburguesas-burger-130\/"]}]},{"@type":"ImageObject","inLanguage":"es-CO","@id":"https:\/\/biopesaje.com\/index.php\/product\/formadora-manual-de-hamburguesas-burger-130\/#primaryimage","url":"https:\/\/biopesaje.com\/wp-content\/uploads\/2025\/06\/FORMADORA-MANUAL-DE-HAMBURGUESAS-BURGER-130-2.jpg","contentUrl":"https:\/\/biopesaje.com\/wp-content\/uploads\/2025\/06\/FORMADORA-MANUAL-DE-HAMBURGUESAS-BURGER-130-2.jpg","width":1000,"height":1000,"caption":"FORMADORA MANUAL DE HAMBURGUESAS BURGER-130"},{"@type":"BreadcrumbList","@id":"https:\/\/biopesaje.com\/index.php\/product\/formadora-manual-de-hamburguesas-burger-130\/#breadcrumb","itemListElement":[{"@type":"ListItem","position":1,"name":"Home","item":"https:\/\/biopesaje.com\/"},{"@type":"ListItem","position":2,"name":"Productos","item":"https:\/\/biopesaje.com\/index.php\/tienda\/"},{"@type":"ListItem","position":3,"name":"FORMADORA MANUAL DE HAMBURGUESAS BURGER-130"}]},{"@type":"WebSite","@id":"https:\/\/biopesaje.com\/#website","url":"https:\/\/biopesaje.com\/","name":"BIOPESAJE S.A.S.","description":"Ingenier\u00eda de pesaje, metrolog\u00eda y laboratorio.","publisher":{"@id":"https:\/\/biopesaje.com\/#organization"},"potentialAction":[{"@type":"SearchAction","target":{"@type":"EntryPoint","urlTemplate":"https:\/\/biopesaje.com\/?s={search_term_string}"},"query-input":{"@type":"PropertyValueSpecification","valueRequired":true,"valueName":"search_term_string"}}],"inLanguage":"es-CO"},{"@type":"Organization","@id":"https:\/\/biopesaje.com\/#organization","name":"BIOPESAJE S.A.S.","url":"https:\/\/biopesaje.com\/","logo":{"@type":"ImageObject","inLanguage":"es-CO","@id":"https:\/\/biopesaje.com\/#\/schema\/logo\/image\/","url":"","contentUrl":"","caption":"BIOPESAJE S.A.S."},"image":{"@id":"https:\/\/biopesaje.com\/#\/schema\/logo\/image\/"}}]}},"uagb_featured_image_src":{"full":["https:\/\/biopesaje.com\/wp-content\/uploads\/2025\/06\/FORMADORA-MANUAL-DE-HAMBURGUESAS-BURGER-130-2.jpg",1000,1000,false],"thumbnail":["https:\/\/biopesaje.com\/wp-content\/uploads\/2025\/06\/FORMADORA-MANUAL-DE-HAMBURGUESAS-BURGER-130-2-150x150.jpg",150,150,true],"medium":["https:\/\/biopesaje.com\/wp-content\/uploads\/2025\/06\/FORMADORA-MANUAL-DE-HAMBURGUESAS-BURGER-130-2-300x300.jpg",300,300,true],"medium_large":["https:\/\/biopesaje.com\/wp-content\/uploads\/2025\/06\/FORMADORA-MANUAL-DE-HAMBURGUESAS-BURGER-130-2-768x768.jpg",640,640,true],"large":["https:\/\/biopesaje.com\/wp-content\/uploads\/2025\/06\/FORMADORA-MANUAL-DE-HAMBURGUESAS-BURGER-130-2.jpg",640,640,false],"1536x1536":["https:\/\/biopesaje.com\/wp-content\/uploads\/2025\/06\/FORMADORA-MANUAL-DE-HAMBURGUESAS-BURGER-130-2.jpg",1000,1000,false],"2048x2048":["https:\/\/biopesaje.com\/wp-content\/uploads\/2025\/06\/FORMADORA-MANUAL-DE-HAMBURGUESAS-BURGER-130-2.jpg",1000,1000,false],"woocommerce_thumbnail":["https:\/\/biopesaje.com\/wp-content\/uploads\/2025\/06\/FORMADORA-MANUAL-DE-HAMBURGUESAS-BURGER-130-2-320x320.jpg",320,320,true],"woocommerce_single":["https:\/\/biopesaje.com\/wp-content\/uploads\/2025\/06\/FORMADORA-MANUAL-DE-HAMBURGUESAS-BURGER-130-2.jpg",1000,1000,false],"woocommerce_gallery_thumbnail":["https:\/\/biopesaje.com\/wp-content\/uploads\/2025\/06\/FORMADORA-MANUAL-DE-HAMBURGUESAS-BURGER-130-2-100x100.jpg",100,100,true],"thaps-thumb-img":["https:\/\/biopesaje.com\/wp-content\/uploads\/2025\/06\/FORMADORA-MANUAL-DE-HAMBURGUESAS-BURGER-130-2-48x48.jpg",48,48,true],"taiowc-thumb-img":["https:\/\/biopesaje.com\/wp-content\/uploads\/2025\/06\/FORMADORA-MANUAL-DE-HAMBURGUESAS-BURGER-130-2-48x48.jpg",48,48,true]},"uagb_author_info":{"display_name":"Diego Martinez","author_link":"https:\/\/biopesaje.com\/index.php\/author\/"},"uagb_comment_info":0,"uagb_excerpt":"- Fabricada de material PE de alta calidad alimentaria - 100% no t\u00f3xico e inodoro - El material de acero inoxidable ubicado en el equipo puede ser resistente a la corrosi\u00f3n, resistente a la oxidaci\u00f3n y tiene una larga vida \u00fatil. -\u00a0F\u00e1cil de operar - La instalaci\u00f3n de la m\u00e1quina lleva s\u00f3lo unos minutos. Simplemente&hellip;","jetpack_sharing_enabled":true,"_links":{"self":[{"href":"https:\/\/biopesaje.com\/index.php\/wp-json\/wp\/v2\/product\/9152","targetHints":{"allow":["GET"]}}],"collection":[{"href":"https:\/\/biopesaje.com\/index.php\/wp-json\/wp\/v2\/product"}],"about":[{"href":"https:\/\/biopesaje.com\/index.php\/wp-json\/wp\/v2\/types\/product"}],"version-history":[{"count":7,"href":"https:\/\/biopesaje.com\/index.php\/wp-json\/wp\/v2\/product\/9152\/revisions"}],"predecessor-version":[{"id":9431,"href":"https:\/\/biopesaje.com\/index.php\/wp-json\/wp\/v2\/product\/9152\/revisions\/9431"}],"wp:featuredmedia":[{"embeddable":true,"href":"https:\/\/biopesaje.com\/index.php\/wp-json\/wp\/v2\/media\/9155"}],"wp:attachment":[{"href":"https:\/\/biopesaje.com\/index.php\/wp-json\/wp\/v2\/media?parent=9152"}],"wp:term":[{"taxonomy":"product_brand","embeddable":true,"href":"https:\/\/biopesaje.com\/index.php\/wp-json\/wp\/v2\/product_brand?post=9152"},{"taxonomy":"product_cat","embeddable":true,"href":"https:\/\/biopesaje.com\/index.php\/wp-json\/wp\/v2\/product_cat?post=9152"},{"taxonomy":"product_tag","embeddable":true,"href":"https:\/\/biopesaje.com\/index.php\/wp-json\/wp\/v2\/product_tag?post=9152"}],"curies":[{"name":"wp","href":"https:\/\/api.w.org\/{rel}","templated":true}]}}